Last updated on 2024-04-19 07:56:45 CEST.
Flavor | Version | Tinstall | Tcheck | Ttotal | Status | Flags |
---|---|---|---|---|---|---|
r-devel-linux-x86_64-debian-clang | 3.1 | 5.30 | 26.00 | 31.30 | NOTE | |
r-devel-linux-x86_64-debian-gcc | 3.1 | NOTE | ||||
r-devel-linux-x86_64-fedora-clang | 3.1 | 40.01 | NOTE | |||
r-devel-linux-x86_64-fedora-gcc | 3.1 | 37.38 | NOTE | |||
r-prerel-macos-arm64 | 3.1 | 17.00 | NOTE | |||
r-prerel-windows-x86_64 | 3.1 | 6.00 | 42.00 | 48.00 | NOTE | |
r-patched-linux-x86_64 | 3.1 | 3.81 | 25.16 | 28.97 | NOTE | |
r-release-linux-x86_64 | 3.1 | 5.31 | 25.99 | 31.30 | NOTE | |
r-release-macos-arm64 | 3.1 | 19.00 | NOTE | |||
r-release-macos-x86_64 | 3.1 | 27.00 | NOTE | |||
r-release-windows-x86_64 | 3.1 | 7.00 | 42.00 | 49.00 | NOTE | |
r-oldrel-macos-arm64 | 3.1 | 20.00 | OK | |||
r-oldrel-windows-x86_64 | 3.1 | 8.00 | 48.00 | 56.00 | OK |
Version: 3.1
Check: Rd files
Result: NOTE
checkRd: (-1) leaps.Rd:38: Escaped LaTeX specials: \&
Flavors: r-devel-linux-x86_64-debian-clang, r-devel-linux-x86_64-debian-gcc, r-devel-linux-x86_64-fedora-clang, r-devel-linux-x86_64-fedora-gcc, r-prerel-macos-arm64, r-prerel-windows-x86_64, r-patched-linux-x86_64, r-release-linux-x86_64, r-release-macos-arm64, r-release-macos-x86_64, r-release-windows-x86_64
Version: 3.1
Check: compiled code
Result: NOTE
File ‘leaps/libs/leaps.so’:
Found no calls to: ‘R_registerRoutines’, ‘R_useDynamicSymbols’
It is good practice to register native routines and to disable symbol
search.
See ‘Writing portable packages’ in the ‘Writing R Extensions’ manual.
Flavors: r-devel-linux-x86_64-fedora-clang, r-devel-linux-x86_64-fedora-gcc