CRAN Package Check Results for Package lasso2

Last updated on 2015-07-30 07:47:10.

Flavor Version Tinstall Tcheck Ttotal Status Flags
r-devel-linux-x86_64-debian-clang 1.2-19 1.46 16.57 18.03 NOTE
r-devel-linux-x86_64-debian-gcc 1.2-19 1.80 16.11 17.91 NOTE
r-devel-linux-x86_64-fedora-clang 1.2-19 35.12 NOTE
r-devel-linux-x86_64-fedora-gcc 1.2-19 32.96 NOTE
r-devel-osx-x86_64-clang 1.2-19 30.11 NOTE
r-devel-windows-ix86+x86_64 1.2-19 7.00 44.00 51.00 NOTE
r-patched-linux-x86_64 1.2-19 1.92 17.22 19.14 NOTE
r-patched-solaris-sparc 1.2-19 210.30 NOTE
r-patched-solaris-x86 1.2-19 48.20 NOTE
r-release-linux-x86_64 1.2-19 1.83 16.96 18.79 NOTE
r-release-osx-x86_64-mavericks 1.2-19 NOTE
r-release-windows-ix86+x86_64 1.2-19 7.00 34.00 41.00 NOTE
r-oldrel-windows-ix86+x86_64 1.2-19 10.00 35.00 45.00 OK

Check Details

Version: 1.2-19
Check: DESCRIPTION meta-information
Result: NOTE
    Malformed Description field: should contain one or more complete sentences.
Flavors: r-devel-linux-x86_64-debian-clang, r-devel-linux-x86_64-debian-gcc, r-devel-linux-x86_64-fedora-clang, r-devel-linux-x86_64-fedora-gcc, r-devel-osx-x86_64-clang, r-devel-windows-ix86+x86_64, r-patched-linux-x86_64, r-patched-solaris-sparc, r-patched-solaris-x86, r-release-linux-x86_64, r-release-osx-x86_64-mavericks, r-release-windows-ix86+x86_64

Version: 1.2-19
Check: S3 generic/method consistency
Result: NOTE
    Found the following apparent S3 methods exported but not registered:
     merge.formula
    See section ‘Registering S3 methods’ in the ‘Writing R Extensions’
    manual.
Flavors: r-devel-linux-x86_64-debian-clang, r-devel-linux-x86_64-debian-gcc, r-devel-linux-x86_64-fedora-clang, r-devel-linux-x86_64-fedora-gcc, r-devel-osx-x86_64-clang, r-patched-linux-x86_64, r-patched-solaris-sparc, r-patched-solaris-x86, r-release-linux-x86_64

Version: 1.2-19
Check: R code for possible problems
Result: NOTE
    gl1ce: no visible binding for global variable ‘gaussian’
    gl1ce: no visible global function definition for ‘glm.control’
    gl1ce: no visible global function definition for ‘model.extract’
    gl1ce: no visible global function definition for ‘terms’
    gl1ce: no visible global function definition for ‘model.matrix’
    gl1ce: no visible binding for global variable ‘sd’
    l1ce: no visible global function definition for ‘model.extract’
    l1ce: no visible global function definition for ‘terms’
    l1ce: no visible global function definition for ‘model.matrix’
    l1ce: no visible binding for global variable ‘sd’
    merge.formula: no visible global function definition for ‘as.formula’
    plot.l1celist: no visible global function definition for ‘matplot’
    plot.l1celist: no visible global function definition for ‘rug’
    predict.l1ce: no visible global function definition for ‘model.matrix’
    print.summary.gl1ce: no visible binding for global variable ‘quantile’
    print.summary.gl1ce: no visible global function definition for
     ‘quantile’
    print.summary.l1ce: no visible binding for global variable ‘quantile’
    print.summary.l1ce: no visible global function definition for
     ‘quantile’
    residuals.l1ce: no visible global function definition for
     ‘residuals.glm’
    summary.l1ce: no visible global function definition for ‘pnorm’
    Undefined global functions or variables:
     as.formula gaussian glm.control matplot model.extract model.matrix
     pnorm quantile residuals.glm rug sd terms
    Consider adding
     importFrom("graphics", "matplot", "rug")
     importFrom("stats", "as.formula", "gaussian", "glm.control",
     "model.extract", "model.matrix", "pnorm", "quantile",
     "residuals.glm", "sd", "terms")
    to your NAMESPACE.
Flavors: r-devel-linux-x86_64-debian-clang, r-devel-linux-x86_64-debian-gcc, r-devel-linux-x86_64-fedora-clang, r-devel-linux-x86_64-fedora-gcc, r-devel-windows-ix86+x86_64