CRAN Package Check Results for Package lasso2

Last updated on 2015-05-30 06:46:46.

Flavor Version Tinstall Tcheck Ttotal Status Flags
r-devel-linux-x86_64-debian-clang 1.2-19 1.55 17.14 18.69 NOTE
r-devel-linux-x86_64-debian-gcc 1.2-19 1.80 16.06 17.86 NOTE
r-devel-linux-x86_64-fedora-clang 1.2-19 36.22 NOTE
r-devel-linux-x86_64-fedora-gcc 1.2-19 32.82 NOTE
r-devel-osx-x86_64-clang 1.2-19 36.85 NOTE
r-devel-windows-ix86+x86_64 1.2-19 7.00 35.00 42.00 NOTE
r-patched-linux-x86_64 1.2-19 1.81 16.49 18.30 NOTE
r-patched-solaris-sparc 1.2-19 215.10 NOTE
r-patched-solaris-x86 1.2-19 47.60 NOTE
r-release-linux-x86_64 1.2-19 1.86 16.30 18.16 NOTE
r-release-osx-x86_64-mavericks 1.2-19 NOTE
r-release-osx-x86_64-snowleopard 1.2-19 NOTE
r-release-windows-ix86+x86_64 1.2-19 6.00 36.00 42.00 NOTE
r-oldrel-windows-ix86+x86_64 1.2-19 10.00 35.00 45.00 OK

Check Details

Version: 1.2-19
Check: DESCRIPTION meta-information
Result: NOTE
    Malformed Description field: should contain one or more complete sentences.
Flavors: r-devel-linux-x86_64-debian-clang, r-devel-linux-x86_64-debian-gcc, r-devel-linux-x86_64-fedora-clang, r-devel-linux-x86_64-fedora-gcc, r-devel-osx-x86_64-clang, r-devel-windows-ix86+x86_64, r-patched-linux-x86_64, r-patched-solaris-sparc, r-patched-solaris-x86, r-release-linux-x86_64, r-release-osx-x86_64-mavericks, r-release-osx-x86_64-snowleopard, r-release-windows-ix86+x86_64

Version: 1.2-19
Check: S3 generic/method consistency
Result: NOTE
    Found the following apparent S3 methods exported but not registered:
     merge.formula
    See section ‘Registering S3 methods’ in the ‘Writing R Extensions’
    manual.
Flavors: r-devel-linux-x86_64-debian-clang, r-devel-linux-x86_64-debian-gcc, r-devel-linux-x86_64-fedora-clang, r-devel-linux-x86_64-fedora-gcc, r-devel-osx-x86_64-clang, r-patched-linux-x86_64, r-patched-solaris-sparc, r-patched-solaris-x86, r-release-linux-x86_64