CRAN Package Check Results for Package lasso2

Last updated on 2015-01-25 05:48:03.

Flavor Version Tinstall Tcheck Ttotal Status Flags
r-devel-linux-x86_64-debian-clang 1.2-19 1.54 17.96 19.50 OK
r-devel-linux-x86_64-debian-gcc 1.2-19 1.86 17.39 19.25 OK
r-devel-linux-x86_64-fedora-clang 1.2-19 37.20 NOTE
r-devel-linux-x86_64-fedora-gcc 1.2-19 37.76 NOTE
r-devel-osx-x86_64-clang 1.2-19 38.95 OK
r-devel-windows-ix86+x86_64 1.2-19 8.00 34.00 42.00 OK
r-patched-linux-x86_64 1.2-19 2.03 17.23 19.26 OK
r-patched-solaris-sparc 1.2-19 223.20 OK
r-patched-solaris-x86 1.2-19 51.60 OK
r-release-linux-ix86 1.2-19 2.21 23.62 25.83 OK
r-release-linux-x86_64 1.2-19 2.06 18.44 20.49 OK
r-release-osx-x86_64-mavericks 1.2-19 OK
r-release-osx-x86_64-snowleopard 1.2-19 OK
r-release-windows-ix86+x86_64 1.2-19 6.00 46.00 52.00 OK
r-oldrel-windows-ix86+x86_64 1.2-19 6.00 34.00 40.00 OK

Check Details

Version: 1.2-19
Check: S3 generic/method consistency
Result: NOTE
    Found the following apparent S3 methods exported but not registered:
     merge.formula
    See section ‘Registering S3 methods’ in the ‘Writing R Extensions’
    manual.
Flavors: r-devel-linux-x86_64-fedora-clang, r-devel-linux-x86_64-fedora-gcc