CRAN Package Check Results for Package ic.infer

Last updated on 2015-05-28 07:48:56.

Flavor Version Tinstall Tcheck Ttotal Status Flags
r-devel-linux-x86_64-debian-clang 1.1-5 1.71 55.97 57.68 NOTE
r-devel-linux-x86_64-debian-gcc 1.1-5 1.66 55.12 56.78 NOTE
r-devel-linux-x86_64-fedora-clang 1.1-5 109.98 NOTE
r-devel-linux-x86_64-fedora-gcc 1.1-5 105.47 NOTE
r-devel-osx-x86_64-clang 1.1-5 94.23 NOTE
r-devel-windows-ix86+x86_64 1.1-5 6.00 83.00 89.00 OK
r-patched-linux-x86_64 1.1-5 1.75 55.56 57.31 NOTE
r-patched-solaris-sparc 1.1-5 633.50 NOTE
r-patched-solaris-x86 1.1-5 132.70 NOTE
r-release-linux-x86_64 1.1-5 1.66 55.26 56.92 NOTE
r-release-osx-x86_64-mavericks 1.1-5 OK
r-release-osx-x86_64-snowleopard 1.1-5 WARN
r-release-windows-ix86+x86_64 1.1-5 6.00 79.00 85.00 OK
r-oldrel-windows-ix86+x86_64 1.1-5 8.00 106.00 114.00 OK

Check Details

Version: 1.1-5
Check: S3 generic/method consistency
Result: NOTE
    Found the following apparent S3 methods exported but not registered:
     coef.orlm or.relimp.default or.relimp.lm orlm.default orlm.lm
     plot.orlm print.ict print.orest print.orlm summary.ict summary.orest
     summary.orlm
    See section ‘Registering S3 methods’ in the ‘Writing R Extensions’
    manual.
Flavors: r-devel-linux-x86_64-debian-clang, r-devel-linux-x86_64-debian-gcc, r-devel-linux-x86_64-fedora-clang, r-devel-linux-x86_64-fedora-gcc, r-devel-osx-x86_64-clang, r-patched-linux-x86_64, r-patched-solaris-sparc, r-patched-solaris-x86, r-release-linux-x86_64

Version: 1.1-5
Check: package dependencies
Result: NOTE
    Package suggested but not available for checking: ‘relaimpo’
Flavor: r-release-osx-x86_64-snowleopard

Version: 1.1-5
Check: running R code from vignettes
Result: WARN
    Errors in running code in vignettes:
    when running code in ‘ic.infer.rnw’
     ...
    
    > require(relaimpo, quietly = TRUE)
    Warning in library(package, lib.loc = lib.loc, character.only = TRUE, logical.return = TRUE, :
     there is no package called 'relaimpo'
    
    > calc.relimp(limo.bodyfat)$lmg
    
     When sourcing 'ic.infer.R':
    Error: could not find function "calc.relimp"
    Execution halted
Flavor: r-release-osx-x86_64-snowleopard

Version: 1.1-5
Check: re-building of vignette outputs
Result: NOTE
    Error in re-building vignettes:
     ...
    Warning in library(package, lib.loc = lib.loc, character.only = TRUE, logical.return = TRUE, :
     there is no package called 'relaimpo'
    
    Error: processing vignette 'ic.infer.rnw' failed with diagnostics:
     chunk 19 (label = bodyfat.calcrelimp)
    Error in eval(expr, envir, enclos) :
     could not find function "calc.relimp"
    Execution halted
Flavor: r-release-osx-x86_64-snowleopard