CRAN Package Check Results for Package ic.infer

Last updated on 2014-07-31 07:48:47.

Flavor Version Tinstall Tcheck Ttotal Status Flags
r-devel-linux-x86_64-debian-clang 1.1-4 2.24 63.20 65.44 OK
r-devel-linux-x86_64-debian-gcc 1.1-4 2.83 62.44 65.28 OK
r-devel-linux-x86_64-fedora-clang 1.1-4 136.83 OK
r-devel-linux-x86_64-fedora-gcc 1.1-4 130.48 OK
r-devel-osx-x86_64-clang 1.1-4 123.82 OK
r-devel-windows-ix86+x86_64 1.1-4 6.00 90.00 96.00 OK
r-patched-linux-x86_64 1.1-4 3.13 63.69 66.82 OK
r-patched-solaris-sparc 1.1-4 734.80 OK
r-patched-solaris-x86 1.1-4 164.60 OK
r-release-linux-ix86 1.1-4 2.82 84.00 86.82 OK
r-release-linux-x86_64 1.1-4 2.56 64.52 67.08 OK
r-release-osx-x86_64-mavericks 1.1-4 OK
r-release-osx-x86_64-snowleopard 1.1-4 WARN
r-release-windows-ix86+x86_64 1.1-4 7.00 123.00 130.00 OK
r-oldrel-windows-ix86+x86_64 1.1-4 10.00 119.00 129.00 OK

Check Details

Version: 1.1-4
Check: examples
Result: WARNING
    checking a package with encoding 'latin1' in an ASCII locale
    
     OK
Flavor: r-release-osx-x86_64-snowleopard