CRAN Package Check Results for Package ic.infer

Last updated on 2015-07-03 07:48:00.

Flavor Version Tinstall Tcheck Ttotal Status Flags
r-devel-linux-x86_64-debian-clang 1.1-5 1.69 56.95 58.64 NOTE
r-devel-linux-x86_64-debian-gcc 1.1-5 1.69 56.84 58.54 NOTE
r-devel-linux-x86_64-fedora-clang 1.1-5 104.45 NOTE
r-devel-linux-x86_64-fedora-gcc 1.1-5 102.41 NOTE
r-devel-osx-x86_64-clang 1.1-5 94.91 NOTE
r-devel-windows-ix86+x86_64 1.1-5 5.00 82.00 87.00 NOTE
r-patched-linux-x86_64 1.1-5 1.68 55.51 57.19 NOTE
r-patched-solaris-sparc 1.1-5 633.50 NOTE
r-patched-solaris-x86 1.1-5 132.10 NOTE
r-release-linux-x86_64 1.1-5 2.00 55.54 57.54 NOTE
r-release-osx-x86_64-mavericks 1.1-5 OK
r-release-windows-ix86+x86_64 1.1-5 6.00 84.00 90.00 OK
r-oldrel-windows-ix86+x86_64 1.1-5 9.00 99.00 108.00 OK

Check Details

Version: 1.1-5
Check: S3 generic/method consistency
Result: NOTE
    Found the following apparent S3 methods exported but not registered:
     coef.orlm or.relimp.default or.relimp.lm orlm.default orlm.lm
     plot.orlm print.ict print.orest print.orlm summary.ict summary.orest
     summary.orlm
    See section ‘Registering S3 methods’ in the ‘Writing R Extensions’
    manual.
Flavors: r-devel-linux-x86_64-debian-clang, r-devel-linux-x86_64-debian-gcc, r-devel-linux-x86_64-fedora-clang, r-devel-linux-x86_64-fedora-gcc, r-devel-osx-x86_64-clang, r-patched-linux-x86_64, r-patched-solaris-sparc, r-patched-solaris-x86, r-release-linux-x86_64

Version: 1.1-5
Check: R code for possible problems
Result: NOTE
    boot.orlm: no visible global function definition for ‘weights’
    ic.test: no visible global function definition for ‘pnorm’
    ic.test: no visible global function definition for ‘pt’
    make.mon.ui: no visible global function definition for ‘contrasts’
    or.relimp.lm: no visible global function definition for ‘coef’
    or.relimp.lm: no visible global function definition for ‘weights’
    or.relimp.lm: no visible global function definition for ‘cov.wt’
    orlm.forboot: no visible global function definition for ‘cov.wt’
    orlm.forboot.fixed: no visible global function definition for ‘lm’
    orlm.lm: no visible global function definition for ‘coef’
    orlm.lm: no visible global function definition for ‘weights’
    orlm.lm: no visible global function definition for ‘vcov’
    orlm.lm: no visible global function definition for ‘model.matrix’
    orlm.lm: no visible global function definition for ‘weighted.mean’
    pbetabar: no visible global function definition for ‘pbeta’
    pchibar: no visible global function definition for ‘pchisq’
    plot.orlm: no visible binding for global variable ‘panel.smooth’
    plot.orlm: no visible binding for global variable ‘points’
    plot.orlm : text.id: no visible global function definition for ‘text’
    plot.orlm: no visible global function definition for ‘par’
    plot.orlm: no visible global function definition for ‘extendrange’
    plot.orlm: no visible global function definition for ‘plot’
    plot.orlm: no visible global function definition for ‘title’
    plot.orlm: no visible global function definition for ‘mtext’
    plot.orlm: no visible global function definition for ‘strheight’
    plot.orlm: no visible global function definition for ‘abline’
    print.orlm: no visible global function definition for ‘coef’
    summary.orlm: no visible global function definition for ‘coef’
    Undefined global functions or variables:
     abline coef contrasts cov.wt extendrange lm model.matrix mtext
     panel.smooth par pbeta pchisq plot pnorm points pt strheight text
     title vcov weighted.mean weights
Flavors: r-devel-linux-x86_64-debian-clang, r-devel-linux-x86_64-debian-gcc, r-devel-linux-x86_64-fedora-clang, r-devel-linux-x86_64-fedora-gcc, r-devel-windows-ix86+x86_64