Last updated on 2024-05-05 07:53:49 CEST.
Flavor | Version | Tinstall | Tcheck | Ttotal | Status | Flags |
---|---|---|---|---|---|---|
r-devel-linux-x86_64-debian-clang | 2.0-4 | 16.79 | 98.10 | 114.89 | NOTE | |
r-devel-linux-x86_64-debian-gcc | 2.0-4 | 12.50 | 73.17 | 85.67 | NOTE | |
r-devel-linux-x86_64-fedora-clang | 2.0-4 | 145.88 | NOTE | |||
r-devel-linux-x86_64-fedora-gcc | 2.0-4 | 134.83 | NOTE | |||
r-devel-windows-x86_64 | 2.0-4 | 16.00 | 100.00 | 116.00 | NOTE | |
r-patched-linux-x86_64 | 2.0-4 | 14.10 | 93.20 | 107.30 | NOTE | |
r-release-linux-x86_64 | 2.0-4 | 11.20 | 94.11 | 105.31 | NOTE | |
r-release-macos-arm64 | 2.0-4 | 40.00 | NOTE | |||
r-release-windows-x86_64 | 2.0-4 | 16.00 | 100.00 | 116.00 | NOTE | |
r-oldrel-macos-arm64 | 2.0-4 | 50.00 | OK | |||
r-oldrel-macos-x86_64 | 2.0-4 | 79.00 | OK | |||
r-oldrel-windows-x86_64 | 2.0-4 | 20.00 | 114.00 | 134.00 | OK |
Version: 2.0-4
Check: Rd files
Result: NOTE
checkRd: (-1) betaS1lr.Rd:28: Lost braces; missing escapes or markup?
28 | \item{Rm1U}{matrix R^{-1}U (see reference).}
| ^
checkRd: (-1) lrsmoother.Rd:32: Lost braces; missing escapes or markup?
32 | R^{-1}U (see reference) and \link{smoothCon} for the definition of smoothobject}
| ^
Flavors: r-devel-linux-x86_64-debian-clang, r-devel-linux-x86_64-debian-gcc, r-devel-linux-x86_64-fedora-clang, r-devel-linux-x86_64-fedora-gcc, r-devel-windows-x86_64, r-patched-linux-x86_64, r-release-linux-x86_64, r-release-macos-arm64, r-release-windows-x86_64