Last updated on 2024-05-04 07:52:52 CEST.
Flavor | Version | Tinstall | Tcheck | Ttotal | Status | Flags |
---|---|---|---|---|---|---|
r-devel-linux-x86_64-debian-clang | 1.2-6 | 4.50 | 59.64 | 64.14 | NOTE | |
r-devel-linux-x86_64-debian-gcc | 1.2-6 | 3.08 | 42.86 | 45.94 | NOTE | |
r-devel-linux-x86_64-fedora-clang | 1.2-6 | 81.81 | NOTE | |||
r-devel-linux-x86_64-fedora-gcc | 1.2-6 | 74.04 | NOTE | |||
r-devel-windows-x86_64 | 1.2-6 | 5.00 | 64.00 | 69.00 | NOTE | |
r-patched-linux-x86_64 | 1.2-6 | 5.70 | 56.02 | 61.72 | NOTE | |
r-release-linux-x86_64 | 1.2-6 | 4.51 | 56.47 | 60.98 | NOTE | |
r-release-macos-arm64 | 1.2-6 | 24.00 | NOTE | |||
r-release-windows-x86_64 | 1.2-6 | 5.00 | 63.00 | 68.00 | NOTE | |
r-oldrel-macos-arm64 | 1.2-6 | 25.00 | NOTE | |||
r-oldrel-macos-x86_64 | 1.2-6 | 42.00 | NOTE | |||
r-oldrel-windows-x86_64 | 1.2-6 | 7.00 | 72.00 | 79.00 | NOTE |
Version: 1.2-6
Check: package dependencies
Result: NOTE
Package suggested but not available for checking: ‘glmmADMB’
Flavors: r-devel-linux-x86_64-debian-clang, r-devel-linux-x86_64-debian-gcc, r-devel-linux-x86_64-fedora-clang, r-devel-linux-x86_64-fedora-gcc, r-devel-windows-x86_64, r-patched-linux-x86_64, r-release-linux-x86_64, r-release-macos-arm64, r-release-windows-x86_64, r-oldrel-macos-arm64, r-oldrel-macos-x86_64, r-oldrel-windows-x86_64