CRAN Package Check Results for Package googleVis

Last updated on 2015-05-24 03:48:02.

Flavor Version Tinstall Tcheck Ttotal Status Flags
r-devel-linux-x86_64-debian-clang 0.5.8 1.98 29.17 31.15 OK
r-devel-linux-x86_64-debian-gcc 0.5.8 1.86 28.57 30.43 OK
r-devel-linux-x86_64-fedora-clang 0.5.8 61.00 OK
r-devel-linux-x86_64-fedora-gcc 0.5.8 60.43 OK
r-devel-osx-x86_64-clang 0.5.8 66.06 OK
r-devel-windows-ix86+x86_64 0.5.8 10.00 51.00 61.00 OK
r-patched-linux-x86_64 0.5.8 1.89 29.18 31.07 OK
r-patched-solaris-sparc 0.5.8 409.40 OK
r-patched-solaris-x86 0.5.8 83.50 OK
r-release-linux-x86_64 0.5.8 2.55 29.92 32.47 OK
r-release-osx-x86_64-mavericks 0.5.8 NOTE
r-release-osx-x86_64-snowleopard 0.5.8 ERROR
r-release-windows-ix86+x86_64 0.5.8 10.00 49.00 59.00 OK
r-oldrel-windows-ix86+x86_64 0.5.8 11.00 52.00 63.00 OK

Check Details

Version: 0.5.8
Check: re-building of vignette outputs
Result: NOTE
    Error in re-building vignettes:
     ...
    suppressPackageStartupMessages(library(googleVis))
    
    Error in texi2dvi(file = file, pdf = TRUE, clean = clean, quiet = quiet, :
     Running 'texi2dvi' on 'googleVis.tex' failed.
    LaTeX errors:
    ! LaTeX Error: Missing \begin{document}.
    
    See the LaTeX manual or LaTeX Companion for explanation.
    Type H <return> for immediate help.
     ...
    ! Missing $ inserted.
    <inserted text>
     $
    l.15 ...L<c3> <84><ec><ec><ec>ܺu<8b><e3><b8><f9><f9>y:<81>^^Nt]7M<93><e3>8˲$I<f2>o!^^@@/P^
     <bf>~}<a8><e3>^^C#<e0><fc><d4>4<cd>^^[^^SBh<S<87>^...
    ! Extra }, or forgotten $.
    l.15 ...<84><ec><ec><ec>ܺu<8b><e3><b8><f9><f9>y:<81>^^Nt]7M<93><e3>8˲$I<f2>o!^^@@/P^<bf>~}
     <a8><e3>^^C#<e0><fc><d4>4<cd>^^[^^SBh<S<87>^^C<80>...
    I've deleted a group-closing symbol because it seems to be
    spurious, as in `$x}$'. But perhaps the } is legitimate and
    ! Extra }, or forgotten $.
    l.16 <8f>^^^=:s<e6><cc><d4>ԔeY<d5>j<d5>u<dd>^^G^^O^^^ܾ}
     <bb>P(^^X<86><b1><b6><b6
    Calls: buildVignettes -> texi2pdf -> texi2dvi
    Execution halted
Flavor: r-release-osx-x86_64-mavericks

Version: 0.5.8
Check: package dependencies
Result: ERROR
    Package suggested but not available for checking: ‘knitr’
    
    VignetteBuilder package required for checking but not installed: ‘knitr’
    
    See section ‘The DESCRIPTION file’ in the ‘Writing R Extensions’
    manual.
Flavor: r-release-osx-x86_64-snowleopard