CRAN Package Check Results for Package googleVis

Last updated on 2015-01-30 03:49:03.

Flavor Version Tinstall Tcheck Ttotal Status Flags
r-devel-linux-x86_64-debian-clang 0.5.8 1.88 31.42 33.30 OK
r-devel-linux-x86_64-debian-gcc 0.5.8 1.81 31.70 33.51 OK
r-devel-linux-x86_64-fedora-clang 0.5.8 66.95 OK
r-devel-linux-x86_64-fedora-gcc 0.5.8 65.48 OK
r-devel-osx-x86_64-clang 0.5.8 72.70 OK
r-devel-windows-ix86+x86_64 0.5.8 14.00 51.00 65.00 OK
r-patched-linux-x86_64 0.5.8 2.12 33.47 35.58 OK
r-patched-solaris-sparc 0.5.8 395.50 OK
r-patched-solaris-x86 0.5.8 87.60 OK
r-release-linux-ix86 0.5.8 2.54 41.24 43.78 OK
r-release-linux-x86_64 0.5.8 2.02 32.02 34.04 OK
r-release-osx-x86_64-mavericks 0.5.8 NOTE
r-release-osx-x86_64-snowleopard 0.5.8 OK
r-release-windows-ix86+x86_64 0.5.8 11.00 51.00 62.00 OK
r-oldrel-windows-ix86+x86_64 0.5.8 10.00 58.00 68.00 OK

Check Details

Version: 0.5.8
Check: re-building of vignette outputs
Result: NOTE
    Error in re-building vignettes:
     ...
    To suppress this message use:
    suppressPackageStartupMessages(library(googleVis))
    
    Error in texi2dvi(file = file, pdf = TRUE, clean = clean, quiet = quiet, :
     Running 'texi2dvi' on 'googleVis.tex' failed.
    LaTeX errors:
    ! LaTeX Error: Missing \begin{document}.
    
    See the LaTeX manual or LaTeX Companion for explanation.
    Type H <return> for immediate help.
     ...
    ! Extra }, or forgotten \endgroup.
    l.17 ...;;<b7>o<df>^^V^^Daaa<81>u`<8d>B<a1>`<9a><a6> ^^H<96>e)<8a><e2><df>B^^@<80>~<a0><bc>}
     <fb><f6>PǏ<8d><80><f3>S<d7>u<af>M)e<f1><cc>^^\^^N^^@...
    I've deleted a group-closing symbol because it seems to be
    spurious, as in `$x}$'. But perhaps the } is legitimate and
    ! Missing $ inserted.
    <inserted text>
     $
    l.17 ...<f3>S<d7>u<af>M)e<f1><cc>^^\^^N^^@<86>a<c0>^^?D<a3><d7><f9><88>^^H n^^Y<b3><b3><b3>^
     <9b><85>(<0b><bc>G<8f>^^^<95>J%]׽^^H<a4><94><b2><b8><d5>u<dd>...
    ! Undefined control sequence.
    l.18 ...^^QX~z<b0>2<b3><b6><b6><f6><e9><d3>'6C<a8><aa><fa><ea>իb<b1><f8><f8><f1><e3><f3><e7><c
    Calls: buildVignettes -> texi2pdf -> texi2dvi
    Execution halted
Flavor: r-release-osx-x86_64-mavericks