Last updated on 2024-05-11 07:51:29 CEST.
Flavor | Version | Tinstall | Tcheck | Ttotal | Status | Flags |
---|---|---|---|---|---|---|
r-devel-linux-x86_64-debian-clang | 2.2.1 | 33.17 | 230.13 | 263.30 | OK | |
r-devel-linux-x86_64-debian-gcc | 2.2.1 | 23.12 | 167.83 | 190.95 | OK | |
r-devel-linux-x86_64-fedora-clang | 2.2.1 | 324.45 | NOTE | |||
r-devel-linux-x86_64-fedora-gcc | 2.2.1 | 381.10 | NOTE | |||
r-devel-windows-x86_64 | 2.2.1 | 24.00 | 167.00 | 191.00 | OK | |
r-patched-linux-x86_64 | 2.2.1 | 25.77 | 219.24 | 245.01 | OK | |
r-release-linux-x86_64 | 2.2.1 | 20.59 | 218.18 | 238.77 | OK | |
r-release-macos-arm64 | 2.2.1 | 74.00 | OK | |||
r-release-windows-x86_64 | 2.2.1 | 24.00 | 167.00 | 191.00 | OK | |
r-oldrel-macos-arm64 | 2.2.1 | 89.00 | OK | |||
r-oldrel-macos-x86_64 | 2.2.1 | 217.00 | OK | |||
r-oldrel-windows-x86_64 | 2.2.1 | 31.00 | 210.00 | 241.00 | OK |
Version: 2.2.1
Check: data for non-ASCII characters
Result: NOTE
Note: found 50 marked Latin-1 strings
Flavors: r-devel-linux-x86_64-fedora-clang, r-devel-linux-x86_64-fedora-gcc