Last updated on 2024-05-11 07:51:29 CEST.
Flavor | Version | Tinstall | Tcheck | Ttotal | Status | Flags |
---|---|---|---|---|---|---|
r-devel-linux-x86_64-debian-clang | 9.1 | 28.01 | 156.63 | 184.64 | OK | |
r-devel-linux-x86_64-debian-gcc | 9.1 | 16.82 | 111.88 | 128.70 | OK | |
r-devel-linux-x86_64-fedora-clang | 9.1 | 222.06 | NOTE | |||
r-devel-linux-x86_64-fedora-gcc | 9.1 | 266.36 | NOTE | |||
r-devel-windows-x86_64 | 9.1 | 22.00 | 146.00 | 168.00 | OK | |
r-patched-linux-x86_64 | 9.1 | 17.49 | 145.02 | 162.51 | OK | |
r-release-linux-x86_64 | 9.1 | 16.87 | 145.48 | 162.35 | OK | |
r-release-macos-arm64 | 9.1 | 89.00 | OK | |||
r-release-windows-x86_64 | 9.1 | 21.00 | 142.00 | 163.00 | OK | |
r-oldrel-macos-arm64 | 9.1 | 102.00 | OK | |||
r-oldrel-macos-x86_64 | 9.1 | 172.00 | OK | |||
r-oldrel-windows-x86_64 | 9.1 | 30.00 | 168.00 | 198.00 | OK |
Version: 9.1
Check: data for non-ASCII characters
Result: NOTE
Note: found 155 marked UTF-8 strings
Flavors: r-devel-linux-x86_64-fedora-clang, r-devel-linux-x86_64-fedora-gcc