Last updated on 2024-05-09 07:56:44 CEST.
Flavor | Version | Tinstall | Tcheck | Ttotal | Status | Flags |
---|---|---|---|---|---|---|
r-devel-linux-x86_64-debian-clang | 0.2.0 | 18.03 | 121.88 | 139.91 | NOTE | |
r-devel-linux-x86_64-debian-gcc | 0.2.0 | 15.30 | 87.81 | 103.11 | NOTE | |
r-devel-linux-x86_64-fedora-clang | 0.2.0 | 174.88 | NOTE | |||
r-devel-linux-x86_64-fedora-gcc | 0.2.0 | 222.32 | NOTE | |||
r-devel-windows-x86_64 | 0.2.0 | 19.00 | 101.00 | 120.00 | NOTE | |
r-patched-linux-x86_64 | 0.2.0 | 12.83 | 113.80 | 126.63 | NOTE | |
r-release-linux-x86_64 | 0.2.0 | 14.00 | 115.25 | 129.25 | NOTE | |
r-release-macos-arm64 | 0.2.0 | 43.00 | NOTE | |||
r-release-windows-x86_64 | 0.2.0 | 20.00 | 103.00 | 123.00 | NOTE | |
r-oldrel-macos-arm64 | 0.2.0 | 54.00 | OK | |||
r-oldrel-macos-x86_64 | 0.2.0 | 83.00 | OK | |||
r-oldrel-windows-x86_64 | 0.2.0 | 25.00 | 127.00 | 152.00 | OK |
Version: 0.2.0
Check: Rd files
Result: NOTE
checkRd: (-1) edm2psd.Rd:10: Lost braces; missing escapes or markup?
10 | \item{D}{A matrix in the set D_{n}^{-}.}
| ^
checkRd: (-1) edm2psd.Rd:10: Lost braces; missing escapes or markup?
10 | \item{D}{A matrix in the set D_{n}^{-}.}
| ^
Flavors: r-devel-linux-x86_64-debian-clang, r-devel-linux-x86_64-debian-gcc, r-devel-linux-x86_64-fedora-clang, r-devel-linux-x86_64-fedora-gcc, r-devel-windows-x86_64, r-patched-linux-x86_64, r-release-linux-x86_64, r-release-macos-arm64, r-release-windows-x86_64