Last updated on 2024-06-08 07:49:20 CEST.
Flavor | Version | Tinstall | Tcheck | Ttotal | Status | Flags |
---|---|---|---|---|---|---|
r-devel-linux-x86_64-debian-clang | 0.4 | 2.02 | 26.14 | 28.16 | NOTE | |
r-devel-linux-x86_64-debian-gcc | 0.4 | 1.99 | 20.53 | 22.52 | NOTE | |
r-devel-linux-x86_64-fedora-clang | 0.4 | 36.21 | NOTE | |||
r-devel-linux-x86_64-fedora-gcc | 0.4 | 34.82 | NOTE | |||
r-devel-windows-x86_64 | 0.4 | 5.00 | 52.00 | 57.00 | NOTE | |
r-patched-linux-x86_64 | 0.4 | 2.30 | 25.40 | 27.70 | NOTE | |
r-release-linux-x86_64 | 0.4 | 1.66 | 25.82 | 27.48 | NOTE | |
r-release-macos-arm64 | 0.4 | 18.00 | NOTE | |||
r-release-macos-x86_64 | 0.4 | 25.00 | NOTE | |||
r-release-windows-x86_64 | 0.4 | 5.00 | 52.00 | 57.00 | NOTE | |
r-oldrel-macos-arm64 | 0.4 | 18.00 | OK | |||
r-oldrel-macos-x86_64 | 0.4 | 23.00 | OK | |||
r-oldrel-windows-x86_64 | 0.4 | 6.00 | 53.00 | 59.00 | OK |
Version: 0.4
Check: Rd files
Result: NOTE
checkRd: (-1) beetle.Rd:13: Lost braces; missing escapes or markup?
13 | \item{\code{x}}{dose (log base 10 CS2mgl^{-1})}
| ^
Flavors: r-devel-linux-x86_64-debian-clang, r-devel-linux-x86_64-debian-gcc, r-devel-linux-x86_64-fedora-clang, r-devel-linux-x86_64-fedora-gcc, r-devel-windows-x86_64, r-patched-linux-x86_64, r-release-linux-x86_64, r-release-macos-arm64, r-release-macos-x86_64, r-release-windows-x86_64