Last updated on 2024-05-21 07:53:03 CEST.
Flavor | Version | Tinstall | Tcheck | Ttotal | Status | Flags |
---|---|---|---|---|---|---|
r-devel-linux-x86_64-debian-clang | 3.1.2 | 26.76 | 169.71 | 196.47 | NOTE | |
r-devel-linux-x86_64-debian-gcc | 3.1.2 | 16.81 | 122.77 | 139.58 | NOTE | |
r-devel-linux-x86_64-fedora-clang | 3.1.2 | 239.16 | NOTE | |||
r-devel-linux-x86_64-fedora-gcc | 3.1.2 | 220.64 | NOTE | |||
r-devel-windows-x86_64 | 3.1.2 | 21.00 | 138.00 | 159.00 | NOTE | |
r-patched-linux-x86_64 | 3.1.2 | 22.06 | 158.87 | 180.93 | NOTE | |
r-release-linux-x86_64 | 3.1.2 | 22.00 | 161.24 | 183.24 | NOTE | |
r-release-macos-arm64 | 3.1.2 | 61.00 | NOTE | |||
r-release-windows-x86_64 | 3.1.2 | 21.00 | 141.00 | 162.00 | NOTE | |
r-oldrel-macos-arm64 | 3.1.2 | 65.00 | OK | |||
r-oldrel-macos-x86_64 | 3.1.2 | 123.00 | OK | |||
r-oldrel-windows-x86_64 | 3.1.2 | 27.00 | 172.00 | 199.00 | OK |
Version: 3.1.2
Check: Rd files
Result: NOTE
checkRd: (-1) app_server.Rd:10: Lost braces; missing escapes or markup?
10 | \item{input, output, session}{Internal parameters for `{shiny}`.
| ^
Flavors: r-devel-linux-x86_64-debian-clang, r-devel-linux-x86_64-debian-gcc, r-devel-linux-x86_64-fedora-clang, r-devel-linux-x86_64-fedora-gcc, r-devel-windows-x86_64, r-patched-linux-x86_64, r-release-linux-x86_64, r-release-macos-arm64, r-release-windows-x86_64