Last updated on 2024-05-13 07:49:58 CEST.
Flavor | Version | Tinstall | Tcheck | Ttotal | Status | Flags |
---|---|---|---|---|---|---|
r-devel-linux-x86_64-debian-clang | 0.2-8 | 4.69 | 56.59 | 61.28 | NOTE | |
r-devel-linux-x86_64-debian-gcc | 0.2-8 | 4.23 | 42.31 | 46.54 | NOTE | |
r-devel-linux-x86_64-fedora-clang | 0.2-8 | 77.73 | NOTE | |||
r-devel-linux-x86_64-fedora-gcc | 0.2-8 | 138.27 | NOTE | |||
r-devel-windows-x86_64 | 0.2-8 | 6.00 | 63.00 | 69.00 | NOTE | |
r-patched-linux-x86_64 | 0.2-8 | 4.57 | 52.65 | 57.22 | NOTE | |
r-release-linux-x86_64 | 0.2-8 | 5.73 | 53.79 | 59.52 | NOTE | |
r-release-macos-arm64 | 0.2-8 | 30.00 | NOTE | |||
r-release-windows-x86_64 | 0.2-8 | 6.00 | 62.00 | 68.00 | NOTE | |
r-oldrel-macos-arm64 | 0.2-8 | 32.00 | NOTE | |||
r-oldrel-macos-x86_64 | 0.2-8 | 48.00 | NOTE | |||
r-oldrel-windows-x86_64 | 0.2-8 | 8.00 | 65.00 | 73.00 | NOTE |
Version: 0.2-8
Check: LazyData
Result: NOTE
'LazyData' is specified without a 'data' directory
Flavors: r-devel-linux-x86_64-debian-clang, r-devel-linux-x86_64-debian-gcc, r-devel-linux-x86_64-fedora-clang, r-devel-linux-x86_64-fedora-gcc, r-devel-windows-x86_64, r-patched-linux-x86_64, r-release-linux-x86_64, r-release-macos-arm64, r-release-windows-x86_64, r-oldrel-macos-arm64, r-oldrel-macos-x86_64, r-oldrel-windows-x86_64