Last updated on 2024-05-21 07:53:01 CEST.
Flavor | Version | Tinstall | Tcheck | Ttotal | Status | Flags |
---|---|---|---|---|---|---|
r-devel-linux-x86_64-debian-clang | 0.2.5 | 16.58 | 120.64 | 137.22 | OK | |
r-devel-linux-x86_64-debian-gcc | 0.2.5 | 12.20 | 89.90 | 102.10 | OK | |
r-devel-linux-x86_64-fedora-clang | 0.2.5 | 180.22 | NOTE | |||
r-devel-linux-x86_64-fedora-gcc | 0.2.5 | 173.91 | NOTE | |||
r-devel-windows-x86_64 | 0.2.5 | 14.00 | 102.00 | 116.00 | OK | |
r-patched-linux-x86_64 | 0.2.5 | 10.12 | 115.26 | 125.38 | OK | |
r-release-linux-x86_64 | 0.2.5 | 14.81 | 118.67 | 133.48 | OK | |
r-release-macos-arm64 | 0.2.5 | 59.00 | OK | |||
r-release-windows-x86_64 | 0.2.5 | 15.00 | 103.00 | 118.00 | OK | |
r-oldrel-macos-arm64 | 0.2.5 | 55.00 | OK | |||
r-oldrel-macos-x86_64 | 0.2.5 | 93.00 | OK | |||
r-oldrel-windows-x86_64 | 0.2.5 | 18.00 | 124.00 | 142.00 | OK |
Version: 0.2.5
Check: data for non-ASCII characters
Result: NOTE
Note: found 1350 marked UTF-8 strings
Flavors: r-devel-linux-x86_64-fedora-clang, r-devel-linux-x86_64-fedora-gcc