Last updated on 2024-05-21 07:53:01 CEST.
Flavor | Version | Tinstall | Tcheck | Ttotal | Status | Flags |
---|---|---|---|---|---|---|
r-devel-linux-x86_64-debian-clang | 2.1.3.3 | 19.26 | 413.87 | 433.13 | OK | |
r-devel-linux-x86_64-debian-gcc | 2.1.3.3 | 12.30 | 259.13 | 271.43 | OK | |
r-devel-linux-x86_64-fedora-clang | 2.1.3.3 | 520.97 | NOTE | |||
r-devel-linux-x86_64-fedora-gcc | 2.1.3.3 | 489.15 | OK | |||
r-devel-windows-x86_64 | 2.1.3.3 | 15.00 | 257.00 | 272.00 | NOTE | |
r-patched-linux-x86_64 | 2.1.3.3 | 11.90 | 384.32 | 396.22 | OK | |
r-release-linux-x86_64 | 2.1.3.3 | 14.02 | 390.44 | 404.46 | OK | |
r-release-macos-arm64 | 2.1.3.3 | 139.00 | NOTE | |||
r-release-windows-x86_64 | 2.1.3.3 | 16.00 | 253.00 | 269.00 | NOTE | |
r-oldrel-macos-arm64 | 2.1.3.3 | 136.00 | NOTE | |||
r-oldrel-macos-x86_64 | 2.1.3.3 | 269.00 | NOTE | |||
r-oldrel-windows-x86_64 | 2.1.3.3 | 21.00 | 318.00 | 339.00 | NOTE |
Version: 2.1.3.3
Check: installed package size
Result: NOTE
installed size is 5.1Mb
sub-directories of 1Mb or more:
doc 1.6Mb
extdata 2.7Mb
Flavors: r-devel-linux-x86_64-fedora-clang, r-devel-windows-x86_64, r-release-macos-arm64, r-release-windows-x86_64, r-oldrel-macos-arm64, r-oldrel-macos-x86_64, r-oldrel-windows-x86_64