Last updated on 2024-05-19 07:56:39 CEST.
Flavor | Version | Tinstall | Tcheck | Ttotal | Status | Flags |
---|---|---|---|---|---|---|
r-devel-linux-x86_64-debian-clang | 0.2.3 | 51.95 | 194.06 | 246.01 | OK | |
r-devel-linux-x86_64-debian-gcc | 0.2.3 | 45.34 | 134.82 | 180.16 | OK | |
r-devel-linux-x86_64-fedora-clang | 0.2.3 | 322.62 | OK | |||
r-devel-linux-x86_64-fedora-gcc | 0.2.3 | 382.43 | OK | |||
r-devel-windows-x86_64 | 0.2.3 | 43.00 | 177.00 | 220.00 | OK | |
r-patched-linux-x86_64 | 0.2.3 | 40.95 | 184.96 | 225.91 | OK | |
r-release-linux-x86_64 | 0.2.3 | 52.25 | 184.32 | 236.57 | OK | |
r-release-macos-arm64 | 0.2.3 | 84.00 | NOTE | |||
r-release-windows-x86_64 | 0.2.3 | 45.00 | 179.00 | 224.00 | OK | |
r-oldrel-macos-arm64 | 0.2.3 | 102.00 | NOTE | |||
r-oldrel-macos-x86_64 | 0.2.3 | 161.00 | NOTE | |||
r-oldrel-windows-x86_64 | 0.2.3 | 56.00 | 213.00 | 269.00 | OK |
Version: 0.2.3
Check: installed package size
Result: NOTE
installed size is 6.6Mb
sub-directories of 1Mb or more:
libs 6.3Mb
Flavors: r-release-macos-arm64, r-oldrel-macos-arm64, r-oldrel-macos-x86_64