Last updated on 2024-05-04 07:52:42 CEST.
Flavor | Version | Tinstall | Tcheck | Ttotal | Status | Flags |
---|---|---|---|---|---|---|
r-devel-linux-x86_64-debian-clang | 0.20.21 | 51.10 | 75.48 | 126.58 | OK | |
r-devel-linux-x86_64-debian-gcc | 0.20.21 | 37.55 | 55.37 | 92.92 | OK | |
r-devel-linux-x86_64-fedora-clang | 0.20.21 | 178.28 | NOTE | |||
r-devel-linux-x86_64-fedora-gcc | 0.20.21 | 169.47 | OK | |||
r-devel-windows-x86_64 | 0.20.21 | 42.00 | 96.00 | 138.00 | OK | |
r-patched-linux-x86_64 | 0.20.21 | 50.48 | 71.12 | 121.60 | OK | |
r-release-linux-x86_64 | 0.20.21 | 44.34 | 70.85 | 115.19 | OK | |
r-release-macos-arm64 | 0.20.21 | 40.00 | OK | |||
r-release-windows-x86_64 | 0.20.21 | 41.00 | 95.00 | 136.00 | OK | |
r-oldrel-macos-arm64 | 0.20.21 | 51.00 | OK | |||
r-oldrel-macos-x86_64 | 0.20.21 | 89.00 | OK | |||
r-oldrel-windows-x86_64 | 0.20.21 | 53.00 | 112.00 | 165.00 | OK |
Version: 0.20.21
Check: Rd cross-references
Result: NOTE
Undeclared package ‘RColorBrewer’ in Rd xrefs
Flavor: r-devel-linux-x86_64-fedora-clang