Last updated on 2024-05-11 07:51:21 CEST.
Flavor | Version | Tinstall | Tcheck | Ttotal | Status | Flags |
---|---|---|---|---|---|---|
r-devel-linux-x86_64-debian-clang | 1.5.1 | 24.22 | 97.98 | 122.20 | NOTE | |
r-devel-linux-x86_64-debian-gcc | 1.5.1 | 17.01 | 70.51 | 87.52 | NOTE | |
r-devel-linux-x86_64-fedora-clang | 1.5.1 | 148.56 | NOTE | |||
r-devel-linux-x86_64-fedora-gcc | 1.5.1 | 190.22 | NOTE | |||
r-devel-windows-x86_64 | 1.5.1 | 20.00 | 103.00 | 123.00 | NOTE | |
r-patched-linux-x86_64 | 1.5.1 | 25.82 | 89.99 | 115.81 | OK | |
r-release-linux-x86_64 | 1.5.1 | 19.79 | 91.64 | 111.43 | OK | |
r-release-macos-arm64 | 1.5.1 | 39.00 | OK | |||
r-release-macos-x86_64 | 1.5.1 | 108.00 | OK | |||
r-release-windows-x86_64 | 1.5.1 | 21.00 | 99.00 | 120.00 | OK | |
r-oldrel-macos-arm64 | 1.5.1 | 46.00 | OK | |||
r-oldrel-macos-x86_64 | 1.5.1 | 96.00 | OK | |||
r-oldrel-windows-x86_64 | 1.5.1 | 26.00 | 117.00 | 143.00 | OK |
Version: 1.5.1
Check: compiled code
Result: NOTE
File ‘bigrquery/libs/bigrquery.so’:
Found non-API calls to R: ‘SETLENGTH’, ‘SET_TRUELENGTH’
Compiled code should not call non-API entry points in R.
See ‘Writing portable packages’ in the ‘Writing R Extensions’ manual.
Flavors: r-devel-linux-x86_64-debian-clang, r-devel-linux-x86_64-debian-gcc, r-devel-linux-x86_64-fedora-clang, r-devel-linux-x86_64-fedora-gcc
Version: 1.5.1
Check: compiled code
Result: NOTE
File 'bigrquery/libs/x64/bigrquery.dll':
Found non-API calls to R: 'SETLENGTH', 'SET_TRUELENGTH'
Compiled code should not call non-API entry points in R.
See 'Writing portable packages' in the 'Writing R Extensions' manual.
Flavor: r-devel-windows-x86_64