CRAN Package Check Results for Package bcrm

Last updated on 2014-10-21 05:47:53.

Flavor Version Tinstall Tcheck Ttotal Status Flags
r-devel-linux-x86_64-debian-clang 0.4.4 1.53 29.30 30.84 NOTE
r-devel-linux-x86_64-debian-gcc 0.4.4 1.53 29.40 30.93 NOTE
r-devel-linux-x86_64-fedora-clang 0.4.4 64.31 NOTE
r-devel-linux-x86_64-fedora-gcc 0.4.4 60.75 NOTE
r-devel-osx-x86_64-clang 0.4.4 60.33 NOTE
r-devel-windows-ix86+x86_64 0.4.4 6.00 49.00 55.00 NOTE
r-patched-linux-x86_64 0.4.4 1.58 32.30 33.88 NOTE
r-patched-solaris-sparc 0.4.4 355.80 NOTE
r-patched-solaris-x86 0.4.4 81.70 NOTE
r-release-linux-ix86 0.4.4 2.08 57.14 59.23 OK
r-release-linux-x86_64 0.4.4 1.65 31.95 33.60 OK
r-release-osx-x86_64-mavericks 0.4.4 NOTE
r-release-osx-x86_64-snowleopard 0.4.4 NOTE
r-release-windows-ix86+x86_64 0.4.4 7.00 51.00 58.00 OK
r-oldrel-windows-ix86+x86_64 0.4.4 7.00 52.00 59.00 OK

Check Details

Version: 0.4.4
Check: dependencies in R code
Result: NOTE
    Package in Depends field not imported from: ‘grid’
     These packages need to be imported from (in the NAMESPACE file)
     for when this namespace is loaded but not attached.
    See the information on DESCRIPTION files in the chapter ‘Creating R
    packages’ of the ‘Writing R Extensions’ manual.
Flavors: r-devel-linux-x86_64-debian-clang, r-devel-linux-x86_64-debian-gcc, r-devel-linux-x86_64-fedora-clang, r-devel-linux-x86_64-fedora-gcc, r-devel-osx-x86_64-clang, r-devel-windows-ix86+x86_64, r-patched-linux-x86_64, r-patched-solaris-sparc, r-patched-solaris-x86, r-release-osx-x86_64-mavericks

Version: 0.4.4
Check: R code for possible problems
Result: NOTE
    Posterior.BRugs: no visible global function definition for
     ‘write.model’
    Posterior.BRugs: no visible global function definition for ‘bugsData’
    Posterior.BRugs: no visible global function definition for ‘BRugsFit’
    Posterior.BRugs: no visible global function definition for
     ‘samplesSample’
    Posterior.R2WinBUGS: no visible global function definition for ‘bugs’
    Posterior.rjags: no visible global function definition for
     ‘write.model’
    Posterior.rjags: no visible global function definition for ‘jags.model’
    Posterior.rjags: no visible global function definition for
     ‘jags.samples’
    plot.bcrm: no visible global function definition for ‘grid.newpage’
    plot.bcrm: no visible global function definition for ‘pushViewport’
    plot.bcrm: no visible global function definition for ‘viewport’
    plot.bcrm: no visible global function definition for ‘grid.layout’
    plot.bcrm : vplayout: no visible global function definition for
     ‘viewport’
    plot.bcrm.sim: no visible global function definition for ‘grid.newpage’
    plot.bcrm.sim: no visible global function definition for ‘pushViewport’
    plot.bcrm.sim: no visible global function definition for ‘viewport’
    plot.bcrm.sim: no visible global function definition for ‘grid.layout’
    plot.bcrm.sim : vplayout: no visible global function definition for
     ‘viewport’
    plot.threep3: no visible global function definition for ‘grid.newpage’
    plot.threep3: no visible global function definition for ‘pushViewport’
    plot.threep3: no visible global function definition for ‘viewport’
    plot.threep3: no visible global function definition for ‘grid.layout’
    plot.threep3 : vplayout: no visible global function definition for
     ‘viewport’
Flavors: r-devel-linux-x86_64-debian-clang, r-devel-linux-x86_64-debian-gcc, r-devel-linux-x86_64-fedora-clang, r-devel-linux-x86_64-fedora-gcc, r-devel-osx-x86_64-clang, r-devel-windows-ix86+x86_64, r-patched-linux-x86_64, r-patched-solaris-sparc, r-patched-solaris-x86

Version: 0.4.4
Check: package dependencies
Result: NOTE
    Package suggested but not available for checking: ‘BRugs’
Flavors: r-devel-osx-x86_64-clang, r-patched-solaris-sparc, r-patched-solaris-x86, r-release-osx-x86_64-mavericks, r-release-osx-x86_64-snowleopard

Version: 0.4.4
Check: R code for possible problems
Result: NOTE
    Posterior.BRugs: no visible global function definition for ‘bugsData’
    Posterior.BRugs: no visible global function definition for ‘BRugsFit’
    Posterior.BRugs: no visible global function definition for
     ‘samplesSample’
Flavors: r-release-osx-x86_64-mavericks, r-release-osx-x86_64-snowleopard