Last updated on 2024-04-18 07:58:08 CEST.
Flavor | Version | Tinstall | Tcheck | Ttotal | Status | Flags |
---|---|---|---|---|---|---|
r-devel-linux-x86_64-debian-clang | 3.1-6 | 694.25 | 546.97 | 1241.22 | OK | |
r-devel-linux-x86_64-debian-gcc | 3.1-6 | 535.11 | 335.31 | 870.42 | OK | |
r-devel-linux-x86_64-fedora-clang | 3.1-6 | 1748.05 | NOTE | |||
r-devel-linux-x86_64-fedora-gcc | 3.1-6 | 1651.21 | OK | |||
r-prerel-macos-arm64 | 3.1-6 | 314.00 | NOTE | |||
r-prerel-windows-x86_64 | 3.1-6 | 504.00 | 424.00 | 928.00 | NOTE | |
r-patched-linux-x86_64 | 3.1-6 | 671.88 | 404.43 | 1076.31 | OK | |
r-release-linux-x86_64 | 3.1-6 | 636.40 | 460.68 | 1097.08 | OK | |
r-release-macos-arm64 | 3.1-6 | 338.00 | NOTE | |||
r-release-macos-x86_64 | 3.1-6 | 594.00 | NOTE | |||
r-release-windows-x86_64 | 3.1-6 | 631.00 | 517.00 | 1148.00 | NOTE | |
r-oldrel-macos-arm64 | 3.1-6 | 304.00 | NOTE | |||
r-oldrel-windows-x86_64 | 3.1-6 | 600.00 | 493.00 | 1093.00 | NOTE |
Version: 3.1-6
Check: installed package size
Result: NOTE
installed size is 5.9Mb
sub-directories of 1Mb or more:
doc 2.9Mb
libs 1.4Mb
Flavors: r-devel-linux-x86_64-fedora-clang, r-prerel-macos-arm64, r-prerel-windows-x86_64, r-release-macos-arm64, r-release-macos-x86_64, r-release-windows-x86_64, r-oldrel-macos-arm64, r-oldrel-windows-x86_64