Last updated on 2024-05-09 07:56:39 CEST.
Flavor | Version | Tinstall | Tcheck | Ttotal | Status | Flags |
---|---|---|---|---|---|---|
r-devel-linux-x86_64-debian-clang | 0.0.6 | 3.98 | 37.79 | 41.77 | NOTE | |
r-devel-linux-x86_64-debian-gcc | 0.0.6 | 2.59 | 28.97 | 31.56 | NOTE | |
r-devel-linux-x86_64-fedora-clang | 0.0.6 | 53.56 | NOTE | |||
r-devel-linux-x86_64-fedora-gcc | 0.0.6 | 81.40 | NOTE | |||
r-devel-windows-x86_64 | 0.0.6 | 4.00 | 57.00 | 61.00 | NOTE | |
r-patched-linux-x86_64 | 0.0.6 | 3.99 | 35.67 | 39.66 | NOTE | |
r-release-linux-x86_64 | 0.0.6 | 2.67 | 36.64 | 39.31 | NOTE | |
r-release-macos-arm64 | 0.0.6 | 32.00 | NOTE | |||
r-release-windows-x86_64 | 0.0.6 | 5.00 | 57.00 | 62.00 | NOTE | |
r-oldrel-macos-arm64 | 0.0.6 | 34.00 | OK | |||
r-oldrel-macos-x86_64 | 0.0.6 | 60.00 | OK | |||
r-oldrel-windows-x86_64 | 0.0.6 | 5.00 | 58.00 | 63.00 | OK |
Version: 0.0.6
Check: Rd files
Result: NOTE
checkRd: (-1) autonewsmd.Rd:197: Lost braces
197 | Defaults to `"^v(\\d+\\.){2}\\d+(\\.\\d+)?$"` to identify patterns of
| ^
Flavors: r-devel-linux-x86_64-debian-clang, r-devel-linux-x86_64-debian-gcc, r-devel-linux-x86_64-fedora-clang, r-devel-linux-x86_64-fedora-gcc, r-devel-windows-x86_64, r-patched-linux-x86_64, r-release-linux-x86_64, r-release-macos-arm64, r-release-windows-x86_64