Last updated on 2024-05-04 07:52:40 CEST.
Flavor | Version | Tinstall | Tcheck | Ttotal | Status | Flags |
---|---|---|---|---|---|---|
r-devel-linux-x86_64-debian-clang | 1.3-1 | 18.54 | 457.30 | 475.84 | OK | |
r-devel-linux-x86_64-debian-gcc | 1.3-1 | 15.33 | 341.82 | 357.15 | OK | |
r-devel-linux-x86_64-fedora-clang | 1.3-1 | 605.90 | OK | |||
r-devel-linux-x86_64-fedora-gcc | 1.3-1 | 598.14 | OK | |||
r-devel-windows-x86_64 | 1.3-1 | 16.00 | 333.00 | 349.00 | OK | |
r-patched-linux-x86_64 | 1.3-1 | 24.00 | 436.69 | 460.69 | OK | |
r-release-linux-x86_64 | 1.3-1 | 17.72 | 408.64 | 426.36 | NOTE | |
r-release-macos-arm64 | 1.3-1 | 145.00 | OK | |||
r-release-macos-x86_64 | 1.3-1 | 223.00 | OK | |||
r-release-windows-x86_64 | 1.3-1 | 16.00 | 330.00 | 346.00 | OK | |
r-oldrel-macos-arm64 | 1.3-1 | 144.00 | OK | |||
r-oldrel-macos-x86_64 | 1.3-1 | 336.00 | OK | |||
r-oldrel-windows-x86_64 | 1.3-1 | 22.00 | 430.00 | 452.00 | OK |
Version: 1.3-1
Check: package dependencies
Result: NOTE
Package suggested but not available for checking: ‘rstanarm’
Flavor: r-release-linux-x86_64