Last updated on 2024-05-11 07:51:19 CEST.
Flavor | Version | Tinstall | Tcheck | Ttotal | Status | Flags |
---|---|---|---|---|---|---|
r-devel-linux-x86_64-debian-clang | 0.11.1 | 12.97 | 592.54 | 605.51 | OK | |
r-devel-linux-x86_64-debian-gcc | 0.11.1 | 11.77 | 428.15 | 439.92 | OK | |
r-devel-linux-x86_64-fedora-clang | 0.11.1 | 768.29 | NOTE | |||
r-devel-linux-x86_64-fedora-gcc | 0.11.1 | 769.94 | OK | |||
r-devel-windows-x86_64 | 0.11.1 | 14.00 | 460.00 | 474.00 | OK | |
r-patched-linux-x86_64 | 0.11.1 | 17.07 | 565.50 | 582.57 | OK | |
r-release-linux-x86_64 | 0.11.1 | 14.83 | 559.08 | 573.91 | OK | |
r-release-macos-arm64 | 0.11.1 | 233.00 | OK | |||
r-release-macos-x86_64 | 0.11.1 | 677.00 | OK | |||
r-release-windows-x86_64 | 0.11.1 | 14.00 | 460.00 | 474.00 | OK | |
r-oldrel-macos-arm64 | 0.11.1 | 236.00 | OK | |||
r-oldrel-macos-x86_64 | 0.11.1 | 532.00 | OK | |||
r-oldrel-windows-x86_64 | 0.11.1 | 18.00 | 599.00 | 617.00 | OK |
Version: 0.11.1
Check: Rd cross-references
Result: NOTE
Undeclared packages ‘timereg’, ‘rms’, ‘ranger’ in Rd xrefs
Flavor: r-devel-linux-x86_64-fedora-clang