Last updated on 2024-05-02 08:02:01 CEST.
Flavor | Version | Tinstall | Tcheck | Ttotal | Status | Flags |
---|---|---|---|---|---|---|
r-devel-linux-x86_64-debian-clang | 1.1-9.7 | 6.94 | 31.06 | 38.00 | NOTE | |
r-devel-linux-x86_64-debian-gcc | 1.1-9.7 | 6.38 | 22.99 | 29.37 | NOTE | |
r-devel-linux-x86_64-fedora-clang | 1.1-9.7 | 48.47 | NOTE | |||
r-devel-linux-x86_64-fedora-gcc | 1.1-9.7 | 49.33 | NOTE | |||
r-devel-windows-x86_64 | 1.1-9.7 | 9.00 | 51.00 | 60.00 | NOTE | |
r-patched-linux-x86_64 | 1.1-9.7 | 8.94 | 29.20 | 38.14 | NOTE | |
r-release-linux-x86_64 | 1.1-9.7 | 6.27 | 29.91 | 36.18 | NOTE | |
r-release-macos-arm64 | 1.1-9.7 | 19.00 | NOTE | |||
r-release-windows-x86_64 | 1.1-9.7 | 9.00 | 51.00 | 60.00 | NOTE | |
r-oldrel-macos-arm64 | 1.1-9.7 | 19.00 | NOTE | |||
r-oldrel-macos-x86_64 | 1.1-9.7 | 28.00 | NOTE | |||
r-oldrel-windows-x86_64 | 1.1-9.7 | 11.00 | 53.00 | 64.00 | NOTE |
Version: 1.1-9.7
Check: C++ specification
Result: NOTE
Specified C++11: please drop specification unless essential
Flavors: r-devel-linux-x86_64-debian-clang, r-devel-linux-x86_64-debian-gcc, r-devel-linux-x86_64-fedora-clang, r-devel-linux-x86_64-fedora-gcc, r-devel-windows-x86_64, r-patched-linux-x86_64, r-release-linux-x86_64, r-release-macos-arm64, r-release-windows-x86_64, r-oldrel-macos-arm64, r-oldrel-macos-x86_64, r-oldrel-windows-x86_64