Last updated on 2024-05-11 07:51:44 CEST.
Flavor | Version | Tinstall | Tcheck | Ttotal | Status | Flags |
---|---|---|---|---|---|---|
r-devel-linux-x86_64-debian-clang | 2.0.6 | 61.65 | 565.21 | 626.86 | NOTE | |
r-devel-linux-x86_64-debian-gcc | 2.0.6 | 45.21 | 401.03 | 446.24 | NOTE | |
r-devel-linux-x86_64-fedora-clang | 2.0.6 | 761.00 | NOTE | |||
r-devel-linux-x86_64-fedora-gcc | 2.0.6 | 876.56 | NOTE | |||
r-devel-windows-x86_64 | 2.0.6 | 44.00 | 370.00 | 414.00 | NOTE | |
r-patched-linux-x86_64 | 2.0.6 | 56.07 | 526.42 | 582.49 | NOTE | |
r-release-linux-x86_64 | 2.0.6 | 64.68 | 530.72 | 595.40 | NOTE | |
r-release-macos-arm64 | 2.0.6 | 178.00 | NOTE | |||
r-release-macos-x86_64 | 2.0.6 | 550.00 | NOTE | |||
r-release-windows-x86_64 | 2.0.6 | 44.00 | 353.00 | 397.00 | NOTE | |
r-oldrel-macos-arm64 | 2.0.6 | 173.00 | NOTE | |||
r-oldrel-macos-x86_64 | 2.0.6 | 487.00 | NOTE | |||
r-oldrel-windows-x86_64 | 2.0.6 | 61.00 | 493.00 | 554.00 | NOTE |
Version: 2.0.6
Check: package dependencies
Result: NOTE
Package suggested but not available for checking: ‘NLMR’
Flavors: r-devel-linux-x86_64-debian-clang, r-devel-linux-x86_64-debian-gcc, r-devel-linux-x86_64-fedora-clang, r-devel-linux-x86_64-fedora-gcc, r-devel-windows-x86_64, r-patched-linux-x86_64, r-release-linux-x86_64, r-release-macos-arm64, r-release-macos-x86_64, r-release-windows-x86_64, r-oldrel-macos-arm64, r-oldrel-macos-x86_64, r-oldrel-windows-x86_64