Last updated on 2024-03-18 07:48:27 CET.
Flavor | Version | Tinstall | Tcheck | Ttotal | Status | Flags |
---|---|---|---|---|---|---|
r-devel-linux-x86_64-debian-clang | 2.1-0.0 | 69.92 | 337.18 | 407.10 | OK | |
r-devel-linux-x86_64-debian-gcc | 2.1-0.0 | 58.17 | 245.42 | 303.59 | OK | |
r-devel-linux-x86_64-fedora-clang | 2.1-0.0 | 497.03 | NOTE | |||
r-devel-linux-x86_64-fedora-gcc | 2.1-0.0 | 498.44 | OK | |||
r-devel-windows-x86_64 | 2.1-0.0 | 56.00 | 224.00 | 280.00 | NOTE | |
r-patched-linux-x86_64 | 2.1-0.0 | 60.54 | 324.89 | 385.43 | OK | |
r-release-linux-x86_64 | 2.1-0.0 | 49.55 | 320.20 | 369.75 | OK | |
r-release-macos-arm64 | 2.1-0.0 | 160.00 | NOTE | |||
r-release-macos-x86_64 | 2.1-0.0 | 325.00 | NOTE | |||
r-release-windows-x86_64 | 2.1-0.0 | 75.00 | 296.00 | 371.00 | NOTE | |
r-oldrel-macos-arm64 | 2.1-0.0 | 126.00 | NOTE | |||
r-oldrel-windows-x86_64 | 2.1-0.0 | 80.00 | 323.00 | 403.00 | NOTE |
Version: 2.1-0.0
Check: package dependencies
Result: NOTE
Imports includes 22 non-default packages.
Importing from so many packages makes the package vulnerable to any of
them becoming unavailable. Move as many as possible to Suggests and
use conditionally.
Flavor: r-devel-linux-x86_64-fedora-clang
Version: 2.1-0.0
Check: installed package size
Result: NOTE
installed size is 6.5Mb
sub-directories of 1Mb or more:
R 1.3Mb
doc 3.8Mb
Flavors: r-devel-linux-x86_64-fedora-clang, r-devel-windows-x86_64, r-release-macos-arm64, r-release-macos-x86_64, r-release-windows-x86_64, r-oldrel-macos-arm64, r-oldrel-windows-x86_64