Last updated on 2024-05-13 07:50:14 CEST.
Flavor | Version | Tinstall | Tcheck | Ttotal | Status | Flags |
---|---|---|---|---|---|---|
r-devel-linux-x86_64-debian-clang | 0.2 | 5.84 | 48.47 | 54.31 | NOTE | |
r-devel-linux-x86_64-debian-gcc | 0.2 | 3.89 | 36.14 | 40.03 | NOTE | |
r-devel-linux-x86_64-fedora-clang | 0.2 | 66.88 | NOTE | |||
r-devel-linux-x86_64-fedora-gcc | 0.2 | 113.42 | NOTE | |||
r-devel-windows-x86_64 | 0.2 | 6.00 | 61.00 | 67.00 | NOTE | |
r-patched-linux-x86_64 | 0.2 | 5.30 | 44.93 | 50.23 | NOTE | |
r-release-linux-x86_64 | 0.2 | 5.86 | 44.70 | 50.56 | NOTE | |
r-release-macos-arm64 | 0.2 | 24.00 | NOTE | |||
r-release-windows-x86_64 | 0.2 | 7.00 | 61.00 | 68.00 | NOTE | |
r-oldrel-macos-arm64 | 0.2 | 26.00 | NOTE | |||
r-oldrel-macos-x86_64 | 0.2 | 36.00 | NOTE | |||
r-oldrel-windows-x86_64 | 0.2 | 7.00 | 62.00 | 69.00 | NOTE |
Version: 0.2
Check: LazyData
Result: NOTE
'LazyData' is specified without a 'data' directory
Flavors: r-devel-linux-x86_64-debian-clang, r-devel-linux-x86_64-debian-gcc, r-devel-linux-x86_64-fedora-clang, r-devel-linux-x86_64-fedora-gcc, r-devel-windows-x86_64, r-patched-linux-x86_64, r-release-linux-x86_64, r-release-macos-arm64, r-release-windows-x86_64, r-oldrel-macos-arm64, r-oldrel-macos-x86_64, r-oldrel-windows-x86_64