CRAN Package Check Results for Package RQDA

Last updated on 2015-03-04 06:48:35.

Flavor Version Tinstall Tcheck Ttotal Status Flags
r-devel-linux-x86_64-debian-clang 0.2-7 3.56 54.62 58.19 NOTE
r-devel-linux-x86_64-debian-gcc 0.2-7 3.54 53.56 57.09 NOTE
r-devel-linux-x86_64-fedora-clang 0.2-7 115.64 NOTE
r-devel-linux-x86_64-fedora-gcc 0.2-7 116.36 NOTE
r-devel-osx-x86_64-clang 0.2-7 107.60 NOTE
r-devel-windows-ix86+x86_64 0.2-7 12.00 82.00 94.00 NOTE
r-patched-linux-x86_64 0.2-7 6.56 70.13 76.69 NOTE
r-patched-solaris-sparc 0.2-7 888.50 NOTE
r-patched-solaris-x86 0.2-7 214.10 NOTE
r-release-linux-ix86 0.2-7 5.75 79.38 85.13 NOTE
r-release-linux-x86_64 0.2-7 5.19 69.19 74.38 NOTE
r-release-osx-x86_64-mavericks 0.2-7 ERROR
r-release-osx-x86_64-snowleopard 0.2-7 NOTE
r-release-windows-ix86+x86_64 0.2-7 27.00 113.00 140.00 NOTE
r-oldrel-windows-ix86+x86_64 0.2-7 18.00 117.00 135.00 NOTE

Check Details

Version: 0.2-7
Check: package dependencies
Result: NOTE
    Package which this enhances but not available for checking: ‘rjpod’
Flavors: r-devel-linux-x86_64-debian-clang, r-devel-linux-x86_64-debian-gcc, r-devel-linux-x86_64-fedora-clang, r-devel-linux-x86_64-fedora-gcc, r-devel-osx-x86_64-clang, r-devel-windows-ix86+x86_64, r-patched-linux-x86_64, r-patched-solaris-sparc, r-patched-solaris-x86, r-release-linux-ix86, r-release-linux-x86_64, r-release-osx-x86_64-snowleopard, r-release-windows-ix86+x86_64, r-oldrel-windows-ix86+x86_64

Version: 0.2-7
Check: package dependencies
Result: ERROR
    Packages required but not available: ‘gWidgetsRGtk2’ ‘RGtk2’
    
    Package which this enhances but not available for checking: ‘rjpod’
    
    See section ‘The DESCRIPTION file’ in the ‘Writing R Extensions’
    manual.
Flavor: r-release-osx-x86_64-mavericks