CRAN Package Check Results for Package RQDA

Last updated on 2014-09-22 03:48:27.

Flavor Version Tinstall Tcheck Ttotal Status Flags
r-devel-linux-x86_64-debian-clang 0.2-6 4.21 61.68 65.89 NOTE
r-devel-linux-x86_64-debian-gcc 0.2-6 4.58 60.78 65.35 NOTE
r-devel-linux-x86_64-fedora-clang 0.2-6 150.60 NOTE
r-devel-linux-x86_64-fedora-gcc 0.2-6 144.19 NOTE
r-devel-osx-x86_64-clang 0.2-6 117.25 NOTE
r-devel-windows-ix86+x86_64 0.2-6 16.00 91.00 107.00 NOTE
r-patched-linux-x86_64 0.2-6 4.41 65.52 69.93 NOTE
r-patched-solaris-sparc 0.2-6 812.50 NOTE
r-patched-solaris-x86 0.2-6 204.30 NOTE
r-release-linux-ix86 0.2-6 5.62 83.86 89.48 NOTE
r-release-linux-x86_64 0.2-6 4.55 68.90 73.46 NOTE
r-release-osx-x86_64-mavericks 0.2-6 ERROR
r-release-osx-x86_64-snowleopard 0.2-6 NOTE
r-release-windows-ix86+x86_64 0.2-6 15.00 97.00 112.00 NOTE
r-oldrel-windows-ix86+x86_64 0.2-6 15.00 94.00 109.00 NOTE

Check Details

Version: 0.2-6
Check: package dependencies
Result: NOTE
    Package which this enhances but not available for checking: ‘rjpod’
Flavors: r-devel-linux-x86_64-debian-clang, r-devel-linux-x86_64-debian-gcc, r-devel-linux-x86_64-fedora-clang, r-devel-linux-x86_64-fedora-gcc, r-devel-osx-x86_64-clang, r-devel-windows-ix86+x86_64, r-patched-linux-x86_64, r-patched-solaris-sparc, r-patched-solaris-x86, r-release-linux-ix86, r-release-linux-x86_64, r-release-osx-x86_64-snowleopard, r-release-windows-ix86+x86_64, r-oldrel-windows-ix86+x86_64

Version: 0.2-6
Check: package dependencies
Result: ERROR
    Packages required but not available: ‘gWidgetsRGtk2’ ‘RGtk2’
    
    Package which this enhances but not available for checking: ‘rjpod’
    
    See the information on DESCRIPTION files in the chapter ‘Creating R
    packages’ of the ‘Writing R Extensions’ manual.
Flavor: r-release-osx-x86_64-mavericks