CRAN Package Check Results for Package RQDA

Last updated on 2015-05-30 06:47:00.

Flavor Version Tinstall Tcheck Ttotal Status Flags
r-devel-linux-x86_64-debian-clang 0.2-7 4.60 56.06 60.67 NOTE
r-devel-linux-x86_64-debian-gcc 0.2-7 3.93 53.80 57.72 NOTE
r-devel-linux-x86_64-fedora-clang 0.2-7 123.55 NOTE
r-devel-linux-x86_64-fedora-gcc 0.2-7 112.36 NOTE
r-devel-osx-x86_64-clang 0.2-7 108.57 NOTE
r-devel-windows-ix86+x86_64 0.2-7 12.00 79.00 91.00 NOTE
r-patched-linux-x86_64 0.2-7 4.44 53.20 57.64 NOTE
r-patched-solaris-sparc 0.2-7 707.80 NOTE
r-patched-solaris-x86 0.2-7 160.40 NOTE
r-release-linux-x86_64 0.2-7 3.73 54.47 58.20 NOTE
r-release-osx-x86_64-mavericks 0.2-7 NOTE
r-release-osx-x86_64-snowleopard 0.2-7 ERROR
r-release-windows-ix86+x86_64 0.2-7 12.00 75.00 87.00 NOTE
r-oldrel-windows-ix86+x86_64 0.2-7 17.00 98.00 115.00 NOTE

Check Details

Version: 0.2-7
Check: package dependencies
Result: NOTE
    Package which this enhances but not available for checking: ‘rjpod’
Flavors: r-devel-linux-x86_64-debian-clang, r-devel-linux-x86_64-debian-gcc, r-devel-linux-x86_64-fedora-clang, r-devel-linux-x86_64-fedora-gcc, r-devel-osx-x86_64-clang, r-devel-windows-ix86+x86_64, r-patched-linux-x86_64, r-patched-solaris-sparc, r-patched-solaris-x86, r-release-linux-x86_64, r-release-osx-x86_64-mavericks, r-release-windows-ix86+x86_64, r-oldrel-windows-ix86+x86_64

Version: 0.2-7
Check: package dependencies
Result: ERROR
    Package required but not available: ‘igraph’
    
    Package which this enhances but not available for checking: ‘rjpod’
    
    See section ‘The DESCRIPTION file’ in the ‘Writing R Extensions’
    manual.
Flavor: r-release-osx-x86_64-snowleopard