CRAN Package Check Results for Package RQDA

Last updated on 2015-08-30 05:48:06.

Flavor Version Tinstall Tcheck Ttotal Status Flags
r-devel-linux-x86_64-debian-clang 0.2-7 3.33 53.10 56.44 NOTE
r-devel-linux-x86_64-debian-gcc 0.2-7 4.00 53.16 57.16 NOTE
r-devel-linux-x86_64-fedora-clang 0.2-7 110.03 NOTE
r-devel-linux-x86_64-fedora-gcc 0.2-7 104.49 NOTE
r-devel-osx-x86_64-clang 0.2-7 89.28 NOTE
r-devel-windows-ix86+x86_64 0.2-7 18.00 83.00 101.00 NOTE
r-patched-linux-x86_64 0.2-7 3.77 57.30 61.07 NOTE
r-patched-solaris-sparc 0.2-7 703.30 NOTE
r-patched-solaris-x86 0.2-7 173.20 NOTE
r-release-linux-x86_64 0.2-7 3.92 55.84 59.76 NOTE
r-release-osx-x86_64-mavericks 0.2-7 NOTE
r-release-windows-ix86+x86_64 0.2-7 15.00 127.00 142.00 NOTE
r-oldrel-windows-ix86+x86_64 0.2-7 25.00 115.00 140.00 NOTE

Check Details

Version: 0.2-7
Check: package dependencies
Result: NOTE
    Package which this enhances but not available for checking: ‘rjpod’
Flavors: r-devel-linux-x86_64-debian-clang, r-devel-linux-x86_64-debian-gcc, r-devel-linux-x86_64-fedora-clang, r-devel-linux-x86_64-fedora-gcc, r-devel-osx-x86_64-clang, r-devel-windows-ix86+x86_64, r-patched-linux-x86_64, r-patched-solaris-sparc, r-patched-solaris-x86, r-release-linux-x86_64, r-release-osx-x86_64-mavericks, r-release-windows-ix86+x86_64, r-oldrel-windows-ix86+x86_64

Version: 0.2-7
Check: R code for possible problems
Result: NOTE
    AddCaseButton : <anonymous>: no visible global function definition for
     ‘slot’
    ClearMark: no visible global function definition for ‘slot’
    CodingMemoButton : InsertCodingMemoAnchor: no visible global function
     definition for ‘slot’
    DeleteButton: no visible global function definition for ‘slot’
    EditFileFun: no visible global function definition for ‘slot’
    GetAttr: no visible global function definition for ‘reshape’
    HL: no visible global function definition for ‘slot’
    InsertAnchor: no visible global function definition for ‘slot’
    InsertAnnotation: no visible global function definition for ‘slot’
    RQDA : <anonymous>: no visible global function definition for
     ‘browseURL’
    RQDA: no visible global function definition for ‘packageDescription’
    RQDA : <anonymous>: no visible global function definition for
     ‘citation’
    ScrollToItem: no visible global function definition for ‘slot’
    UnMarkCodeFun: no visible global function definition for ‘slot’
    UnMarkCodeFunByRowid: no visible global function definition for ‘slot’
    UpdateWidget: no visible global function definition for ‘slot’
    ViewFileFunHelper: no visible global function definition for ‘slot’
    addSettingGUI: no visible global function definition for ‘colors’
    countAnchors: no visible global function definition for ‘slot’
    d3CodeCategory: no visible global function definition for ‘browseURL’
    filesByCodes: no visible global function definition for ‘reshape’
    getAttr: no visible global function definition for ‘reshape’
    is_projOpen: no visible global function definition for ‘getFunction’
    mark: no visible global function definition for ‘slot’
    markRange: no visible global function definition for ‘slot’
    open_proj: no visible global function definition for ‘getFunction’
    plot.crossCodes : <anonymous>: no visible global function definition
     for ‘plot’
    searchWord: no visible global function definition for ‘slot’
    sindex: no visible global function definition for ‘slot’
    viewCaseAttr: no visible global function definition for ‘reshape’
    viewFileAttr: no visible global function definition for ‘reshape’
    viewPlainFile: no visible global function definition for ‘slot’
    Undefined global functions or variables:
     browseURL citation colors getFunction packageDescription plot reshape
     slot
    Consider adding
     importFrom("grDevices", "colors")
     importFrom("graphics", "plot")
     importFrom("methods", "getFunction", "slot")
     importFrom("stats", "reshape")
     importFrom("utils", "browseURL", "citation", "packageDescription")
    to your NAMESPACE (and ensure that your DESCRIPTION Imports field
    contains 'methods').
Flavors: r-devel-linux-x86_64-debian-clang, r-devel-linux-x86_64-debian-gcc, r-devel-linux-x86_64-fedora-clang, r-devel-linux-x86_64-fedora-gcc, r-devel-windows-ix86+x86_64