CRAN Package Check Results for Package RQDA

Last updated on 2014-04-24 07:52:36.

Flavor Version Tinstall Tcheck Ttotal Status Flags
r-devel-linux-x86_64-debian-clang 0.2-5 4.94 69.82 74.76 NOTE
r-devel-linux-x86_64-debian-gcc 0.2-5 4.72 68.90 73.63 NOTE
r-devel-linux-x86_64-fedora-clang 0.2-5 163.63 NOTE
r-devel-linux-x86_64-fedora-gcc 0.2-5 154.68 NOTE
r-devel-osx-x86_64-clang 0.2-5 139.70 NOTE
r-devel-osx-x86_64-gcc 0.2-5 ERROR
r-devel-windows-ix86+x86_64 0.2-5 15.00 89.00 104.00 NOTE
r-patched-linux-x86_64 0.2-5 4.59 69.64 74.23 NOTE
r-patched-solaris-sparc 0.2-5 789.50 NOTE
r-patched-solaris-x86 0.2-5 211.80 NOTE
r-release-linux-ix86 0.2-5 7.00 107.00 114.00 NOTE
r-release-linux-x86_64 0.2-5 4.62 69.86 74.48 NOTE
r-release-osx-x86_64-mavericks 0.2-5 ERROR
r-release-osx-x86_64-snowleopard 0.2-5 NOTE
r-release-windows-ix86+x86_64 0.2-5 17.00 96.00 113.00 NOTE
r-oldrel-windows-ix86+x86_64 0.2-5 17.00 96.00 113.00 NOTE

Check Details

Version: 0.2-5
Check: package dependencies
Result: NOTE
    Package which this enhances but not available for checking: ‘rjpod’
Flavors: r-devel-linux-x86_64-debian-clang, r-devel-linux-x86_64-debian-gcc, r-devel-linux-x86_64-fedora-clang, r-devel-linux-x86_64-fedora-gcc, r-devel-osx-x86_64-clang, r-devel-windows-ix86+x86_64, r-patched-linux-x86_64, r-patched-solaris-sparc, r-patched-solaris-x86, r-release-linux-ix86, r-release-linux-x86_64, r-release-osx-x86_64-snowleopard, r-release-windows-ix86+x86_64, r-oldrel-windows-ix86+x86_64

Version: 0.2-5
Check: package dependencies
Result: ERROR
    Package required but not available: ‘igraph’
    
    Package which this enhances but not available for checking: ‘rjpod’
    
    See the information on DESCRIPTION files in the chapter ‘Creating R
    packages’ of the ‘Writing R Extensions’ manual.
Flavor: r-devel-osx-x86_64-gcc

Version: 0.2-5
Check: package dependencies
Result: ERROR
    Packages required but not available: ‘gWidgetsRGtk2’ ‘RGtk2’
    
    Package which this enhances but not available for checking: ‘rjpod’
    
    See the information on DESCRIPTION files in the chapter ‘Creating R
    packages’ of the ‘Writing R Extensions’ manual.
Flavor: r-release-osx-x86_64-mavericks