Last updated on 2024-05-04 07:53:03 CEST.
Flavor | Version | Tinstall | Tcheck | Ttotal | Status | Flags |
---|---|---|---|---|---|---|
r-devel-linux-x86_64-debian-clang | 0.0-4 | 2.96 | 29.22 | 32.18 | OK | |
r-devel-linux-x86_64-debian-gcc | 0.0-4 | 2.19 | 21.82 | 24.01 | OK | |
r-devel-linux-x86_64-fedora-clang | 0.0-4 | 39.62 | NOTE | |||
r-devel-linux-x86_64-fedora-gcc | 0.0-4 | 37.49 | OK | |||
r-devel-windows-x86_64 | 0.0-4 | 3.00 | 45.00 | 48.00 | OK | |
r-patched-linux-x86_64 | 0.0-4 | 2.96 | 27.82 | 30.78 | OK | |
r-release-linux-x86_64 | 0.0-4 | 2.12 | 27.87 | 29.99 | OK | |
r-release-macos-arm64 | 0.0-4 | 16.00 | OK | |||
r-release-windows-x86_64 | 0.0-4 | 3.00 | 45.00 | 48.00 | OK | |
r-oldrel-macos-arm64 | 0.0-4 | 18.00 | OK | |||
r-oldrel-macos-x86_64 | 0.0-4 | 21.00 | OK | |||
r-oldrel-windows-x86_64 | 0.0-4 | 4.00 | 45.00 | 49.00 | OK |
Version: 0.0-4
Check: Rd cross-references
Result: NOTE
Undeclared package ‘pROC’ in Rd xrefs
Flavor: r-devel-linux-x86_64-fedora-clang