CRAN Package Check Results for Package QTLRel

Last updated on 2014-07-25 07:53:20.

Flavor Version Tinstall Tcheck Ttotal Status Flags
r-devel-linux-x86_64-debian-clang 0.2-14 2.05 26.05 28.10 NOTE
r-devel-linux-x86_64-debian-gcc 0.2-14 2.76 26.02 28.78 NOTE
r-devel-linux-x86_64-fedora-clang 0.2-14 59.83 NOTE
r-devel-linux-x86_64-fedora-gcc 0.2-14 55.79 NOTE
r-devel-osx-x86_64-clang 0.2-14 48.91 NOTE
r-devel-windows-ix86+x86_64 0.2-14 12.00 45.00 57.00 NOTE
r-patched-linux-x86_64 0.2-14 2.57 25.80 28.36 NOTE
r-patched-solaris-sparc 0.2-14 317.10 NOTE
r-patched-solaris-x86 0.2-14 70.00 NOTE
r-release-linux-ix86 0.2-14 3.42 35.77 39.19 NOTE
r-release-linux-x86_64 0.2-14 2.61 26.22 28.83 NOTE
r-release-osx-x86_64-mavericks 0.2-14 NOTE
r-release-osx-x86_64-snowleopard 0.2-14 OK
r-release-windows-ix86+x86_64 0.2-14 13.00 47.00 60.00 NOTE
r-oldrel-windows-ix86+x86_64 0.2-14 14.00 46.00 60.00 OK

Check Details

Version: 0.2-14
Check: foreign function calls
Result: NOTE
    Calls with DUP = FALSE:
     .C("rgdata2", gdata = as.integer(t(gdat)), nr = as.integer(nr),
     nc = as.integer(nc), ninit = as.integer(ninit), pedigree = as.integer(t(pedd)),
     recomb = as.double(rr), xchr = as.logical(xchr), seed = as.integer(seed),
     DUP = FALSE, PACKAGE = "QTLRel")
     .C("gen_Matrix", x = as.double(t(x)), nr = as.integer(nr), nc = as.integer(nc),
     nn = as.integer(nn), ksp = as.double(t(ksp)), DD = as.double(t(DD)),
     AD = as.double(t(AD)), HH = as.double(t(HH)), MH = as.double(t(MH)),
     DUP = FALSE, PACKAGE = "QTLRel")
     .C("deltaFnc", x = as.integer(t(gdata)), nr = as.integer(nr),
     nc = as.integer(nc), deltac = as.double(t(deltac)), DUP = FALSE,
     PACKAGE = "QTLRel")
     .C("conGenoPrc", mdat = as.integer(mdat[nn, ]), n = as.integer(n),
     dist = as.double(dist), pos = as.double(pos), np = as.integer(np),
     at = as.integer(at), gr = as.integer(gr), method = as.integer(method),
     pdat = as.double(pdat), error = as.logical(err), DUP = FALSE,
     PACKAGE = "QTLRel")
     .C("ibsPrc", prdat = as.double(aperm(prdat, c(3, 2, 1))), nr = as.integer(nr),
     nc = as.integer(nc), ibsc = as.double(t(ibsc)), DUP = FALSE,
     PACKAGE = "QTLRel")
     .C("ibsFnc", gdat = as.integer(t(gdata)), nr = as.integer(nr),
     nc = as.integer(nc), ibsc = as.double(t(ibsc)), DUP = FALSE,
     PACKAGE = "QTLRel")
     .C("kinship", ped = as.integer(t(ped)), nr = as.integer(nrow(ped)),
     nc = as.integer(ncol(ped)), ksp = as.double(ksp), DUP = FALSE,
     PACKAGE = "QTLRel")
    DUP = FALSE is deprecated and may be disabled in future versions of R.
Flavors: r-devel-linux-x86_64-debian-clang, r-devel-linux-x86_64-debian-gcc, r-devel-linux-x86_64-fedora-clang, r-devel-linux-x86_64-fedora-gcc, r-devel-osx-x86_64-clang, r-devel-windows-ix86+x86_64, r-patched-linux-x86_64, r-patched-solaris-sparc, r-patched-solaris-x86, r-release-linux-ix86, r-release-linux-x86_64, r-release-osx-x86_64-mavericks, r-release-windows-ix86+x86_64