Last updated on 2024-05-11 07:51:39 CEST.
Flavor | Version | Tinstall | Tcheck | Ttotal | Status | Flags |
---|---|---|---|---|---|---|
r-devel-linux-x86_64-debian-clang | 0.6.2 | 12.02 | 164.48 | 176.50 | OK | |
r-devel-linux-x86_64-debian-gcc | 0.6.2 | 10.90 | 122.00 | 132.90 | OK | |
r-devel-linux-x86_64-fedora-clang | 0.6.2 | 227.35 | NOTE | |||
r-devel-linux-x86_64-fedora-gcc | 0.6.2 | 284.56 | OK | |||
r-devel-windows-x86_64 | 0.6.2 | 13.00 | 137.00 | 150.00 | OK | |
r-patched-linux-x86_64 | 0.6.2 | 16.31 | 157.04 | 173.35 | OK | |
r-release-linux-x86_64 | 0.6.2 | 8.68 | 158.38 | 167.06 | OK | |
r-release-macos-arm64 | 0.6.2 | 69.00 | OK | |||
r-release-windows-x86_64 | 0.6.2 | 13.00 | 136.00 | 149.00 | OK | |
r-oldrel-macos-arm64 | 0.6.2 | 76.00 | OK | |||
r-oldrel-macos-x86_64 | 0.6.2 | 112.00 | OK | |||
r-oldrel-windows-x86_64 | 0.6.2 | 17.00 | 164.00 | 181.00 | OK |
Version: 0.6.2
Check: Rd cross-references
Result: NOTE
Undeclared package ‘tibble’ in Rd xrefs
Flavor: r-devel-linux-x86_64-fedora-clang