Last updated on 2024-05-02 08:01:52 CEST.
Flavor | Version | Tinstall | Tcheck | Ttotal | Status | Flags |
---|---|---|---|---|---|---|
r-devel-linux-x86_64-debian-clang | 1.4.3 | 13.84 | 159.35 | 173.19 | OK | |
r-devel-linux-x86_64-debian-gcc | 1.4.3 | 11.80 | 119.82 | 131.62 | OK | |
r-devel-linux-x86_64-fedora-clang | 1.4.3 | 230.51 | OK | |||
r-devel-linux-x86_64-fedora-gcc | 1.4.3 | 244.93 | OK | |||
r-devel-windows-x86_64 | 1.4.3 | 14.00 | 177.00 | 191.00 | OK | |
r-patched-linux-x86_64 | 1.4.3 | 16.90 | 156.34 | 173.24 | OK | |
r-release-linux-x86_64 | 1.4.3 | 10.86 | 155.85 | 166.71 | OK | |
r-release-macos-arm64 | 1.4.3 | 73.00 | NOTE | |||
r-release-macos-x86_64 | 1.4.3 | 151.00 | NOTE | |||
r-release-windows-x86_64 | 1.4.3 | 14.00 | 180.00 | 194.00 | OK | |
r-oldrel-macos-arm64 | 1.4.3 | 82.00 | OK | |||
r-oldrel-macos-x86_64 | 1.4.3 | 146.00 | NOTE | |||
r-oldrel-windows-x86_64 | 1.4.3 | 16.00 | 193.00 | 209.00 | OK |
Version: 1.4.3
Check: installed package size
Result: NOTE
installed size is 5.6Mb
sub-directories of 1Mb or more:
data 4.1Mb
doc 1.1Mb
Flavors: r-release-macos-arm64, r-release-macos-x86_64, r-oldrel-macos-x86_64