Last updated on 2024-05-19 07:56:53 CEST.
Flavor | Version | Tinstall | Tcheck | Ttotal | Status | Flags |
---|---|---|---|---|---|---|
r-devel-linux-x86_64-debian-clang | 0.0.1 | 95.07 | 85.03 | 180.10 | OK | |
r-devel-linux-x86_64-debian-gcc | 0.0.1 | 81.60 | 63.77 | 145.37 | OK | |
r-devel-linux-x86_64-fedora-clang | 0.0.1 | 229.90 | OK | |||
r-devel-linux-x86_64-fedora-gcc | 0.0.1 | 329.14 | OK | |||
r-devel-windows-x86_64 | 0.0.1 | 61.00 | 98.00 | 159.00 | OK | |
r-patched-linux-x86_64 | 0.0.1 | 93.89 | 100.40 | 194.29 | OK | |
r-release-linux-x86_64 | 0.0.1 | 110.51 | 95.01 | 205.52 | OK | |
r-release-macos-arm64 | 0.0.1 | 53.00 | NOTE | |||
r-release-windows-x86_64 | 0.0.1 | 63.00 | 97.00 | 160.00 | OK | |
r-oldrel-macos-arm64 | 0.0.1 | 82.00 | NOTE | |||
r-oldrel-macos-x86_64 | 0.0.1 | 114.00 | NOTE | |||
r-oldrel-windows-x86_64 | 0.0.1 | 80.00 | 121.00 | 201.00 | OK |
Version: 0.0.1
Check: installed package size
Result: NOTE
installed size is 36.6Mb
sub-directories of 1Mb or more:
libs 36.4Mb
Flavors: r-release-macos-arm64, r-oldrel-macos-arm64, r-oldrel-macos-x86_64