Last updated on 2024-05-01 07:55:40 CEST.
Flavor | Version | Tinstall | Tcheck | Ttotal | Status | Flags |
---|---|---|---|---|---|---|
r-devel-linux-x86_64-debian-clang | 2.12 | 307.84 | 213.07 | 520.91 | OK | |
r-devel-linux-x86_64-debian-gcc | 2.12 | 223.71 | 152.85 | 376.56 | OK | |
r-devel-linux-x86_64-fedora-clang | 2.12 | 713.06 | OK | |||
r-devel-linux-x86_64-fedora-gcc | 2.12 | 746.97 | OK | |||
r-devel-windows-x86_64 | 2.12 | 228.00 | 208.00 | 436.00 | NOTE | |
r-patched-linux-x86_64 | 2.12 | 315.83 | 194.48 | 510.31 | OK | |
r-release-linux-x86_64 | 2.12 | 281.90 | 199.16 | 481.06 | OK | |
r-release-macos-arm64 | 2.12 | 129.00 | NOTE | |||
r-release-windows-x86_64 | 2.12 | 236.00 | 211.00 | 447.00 | NOTE | |
r-oldrel-macos-arm64 | 2.12 | 139.00 | NOTE | |||
r-oldrel-macos-x86_64 | 2.12 | 213.00 | NOTE | |||
r-oldrel-windows-x86_64 | 2.12 | 281.00 | 276.00 | 557.00 | NOTE |
Version: 2.12
Check: installed package size
Result: NOTE
installed size is 5.2Mb
sub-directories of 1Mb or more:
data 2.0Mb
libs 1.5Mb
Flavors: r-devel-windows-x86_64, r-release-macos-arm64, r-release-windows-x86_64, r-oldrel-macos-arm64, r-oldrel-macos-x86_64, r-oldrel-windows-x86_64