Last updated on 2024-05-26 08:05:13 CEST.
Flavor | Version | Tinstall | Tcheck | Ttotal | Status | Flags |
---|---|---|---|---|---|---|
r-devel-linux-x86_64-debian-clang | 2.0.1 | 3.51 | 40.55 | 44.06 | OK | |
r-devel-linux-x86_64-debian-gcc | 2.0.1 | 3.48 | 29.95 | 33.43 | OK | |
r-devel-linux-x86_64-fedora-clang | 2.0.1 | 56.23 | NOTE | |||
r-devel-linux-x86_64-fedora-gcc | 2.0.1 | 52.77 | NOTE | |||
r-devel-windows-x86_64 | 2.0.1 | 5.00 | 52.00 | 57.00 | OK | |
r-patched-linux-x86_64 | 2.0.1 | 2.83 | 38.12 | 40.95 | OK | |
r-release-linux-x86_64 | 2.0.1 | 2.96 | 38.36 | 41.32 | OK | |
r-release-macos-arm64 | 2.0.1 | 22.00 | OK | |||
r-release-windows-x86_64 | 2.0.1 | 4.00 | 52.00 | 56.00 | OK | |
r-oldrel-macos-arm64 | 2.0.1 | 21.00 | OK | |||
r-oldrel-macos-x86_64 | 2.0.1 | 36.00 | OK | |||
r-oldrel-windows-x86_64 | 2.0.1 | 6.00 | 57.00 | 63.00 | OK |
Version: 2.0.1
Check: dependencies in R code
Result: NOTE
Namespaces in Imports field not imported from:
‘dplyr’ ‘rlang’ ‘testthat’
All declared Imports should be used.
Flavors: r-devel-linux-x86_64-fedora-clang, r-devel-linux-x86_64-fedora-gcc