Last updated on 2024-05-02 08:01:48 CEST.
Flavor | Version | Tinstall | Tcheck | Ttotal | Status | Flags |
---|---|---|---|---|---|---|
r-devel-linux-x86_64-debian-clang | 1.2.1 | 82.60 | 200.40 | 283.00 | OK | |
r-devel-linux-x86_64-debian-gcc | 1.2.1 | 58.77 | 141.21 | 199.98 | OK | |
r-devel-linux-x86_64-fedora-clang | 1.2.1 | 339.75 | OK | |||
r-devel-linux-x86_64-fedora-gcc | 1.2.1 | 336.84 | OK | |||
r-devel-windows-x86_64 | 1.2.1 | 55.00 | 173.00 | 228.00 | OK | |
r-patched-linux-x86_64 | 1.2.1 | 77.57 | 189.08 | 266.65 | OK | |
r-release-linux-x86_64 | 1.2.1 | 73.81 | 193.19 | 267.00 | OK | |
r-release-macos-arm64 | 1.2.1 | 79.00 | NOTE | |||
r-release-windows-x86_64 | 1.2.1 | 59.00 | 174.00 | 233.00 | OK | |
r-oldrel-macos-arm64 | 1.2.1 | 90.00 | OK | |||
r-oldrel-macos-x86_64 | 1.2.1 | 148.00 | OK | |||
r-oldrel-windows-x86_64 | 1.2.1 | 73.00 | 223.00 | 296.00 | OK |
Version: 1.2.1
Check: installed package size
Result: NOTE
installed size is 5.2Mb
sub-directories of 1Mb or more:
libs 4.3Mb
Flavor: r-release-macos-arm64