CRAN Package Check Results for Package MBESS

Last updated on 2016-05-01 06:50:26.

Flavor Version Tinstall Tcheck Ttotal Status Flags
r-devel-linux-x86_64-debian-gcc 4.0.0 2.09 61.29 63.38 OK
r-devel-linux-x86_64-fedora-clang 4.0.0 112.34 OK
r-devel-linux-x86_64-fedora-gcc 4.0.0 102.95 OK
r-devel-osx-x86_64-clang 4.0.0 124.70 OK
r-devel-windows-ix86+x86_64 4.0.0 6.00 105.00 111.00 OK
r-patched-linux-x86_64 4.0.0 1.86 58.36 60.23 OK
r-patched-solaris-sparc 4.0.0 793.50 OK
r-patched-solaris-x86 4.0.0 125.10 OK
r-release-linux-x86_64 4.0.0 2.12 59.82 61.94 OK
r-release-osx-x86_64-mavericks 4.0.0 OK
r-release-windows-ix86+x86_64 4.0.0 12.00 114.00 126.00 OK
r-oldrel-windows-ix86+x86_64 3.3.3 10.00 74.00 84.00 NOTE

Check Details

Version: 3.3.3
Check: dependencies in R code
Result: NOTE
    'library' or 'require' calls in package code:
     'MASS' 'OpenMx' 'boot' 'gsl' 'lavaan' 'parallel' 'sem'
     Please use :: or requireNamespace() instead.
     See section 'Suggested packages' in the 'Writing R Extensions' manual.
Flavor: r-oldrel-windows-ix86+x86_64

Version: 3.3.3
Check: R code for possible problems
Result: NOTE
    .likelihoodCIrelia: no visible global function definition for
     'mxMatrix'
    .likelihoodCIrelia: no visible global function definition for
     'mxAlgebra'
    .likelihoodCIrelia: no visible global function definition for 'tr'
    .likelihoodCIrelia: no visible global function definition for
     'mxMLObjective'
    .likelihoodCIrelia: no visible global function definition for 'mxData'
    .likelihoodCIrelia: no visible global function definition for 'mxCI'
    .likelihoodCIrelia: no visible global function definition for 'mxModel'
    .likelihoodCIrelia: no visible global function definition for 'mxRun'
    .wlsOmegaInterval: no visible global function definition for 'lavaan'
    CFA.1: no visible global function definition for 'sem'
    CFA.1: no visible global function definition for 'lavaan'
    Expected.R2: no visible global function definition for 'hyperg_2F1'
    Variance.R2: no visible global function definition for 'hyperg_2F1'
    ancova.random.data: no visible global function definition for 'mvrnorm'
    ci.reliability: no visible global function definition for 'boot'
    ci.reliability: no visible global function definition for 'boot.ci'
    ci.reliability.bs: no visible global function definition for 'boot'
    ci.reliability.bs: no visible global function definition for 'boot.ci'
    findWidthCRDES: no visible global function definition for 'detectCores'
    findWidthCRDES: no visible global function definition for 'makeCluster'
    findWidthCRDES: no visible global function definition for
     'clusterApplyLB'
    findWidthCRDES: no visible global function definition for 'stopCluster'
    findWidthCRDES: no visible global function definition for 'mclapply'
    likCIESCRD: no visible global function definition for 'mxAlgebra'
    likCIESCRD: no visible global function definition for 'mxModel'
    likCIESCRD: no visible global function definition for 'mxData'
    likCIESCRD: no visible global function definition for 'mxMatrix'
    likCIESCRD: no visible global function definition for 'mxRAMObjective'
    likCIESCRD: no visible global function definition for 'mxCI'
    likCIESCRD: no visible global function definition for 'mxRun'
    mediation : .mediation.bs: no visible global function definition for
     'boot'
    mediation : .mediation.bs: no visible global function definition for
     'boot.ci'
    ss.aipe.R2 : Expected.R2: no visible global function definition for
     'hyperg_2F1'
    ss.aipe.R2.sensitivity: no visible global function definition for
     'mvrnorm'
    ss.aipe.c.ancova.sensitivity : ancova.random.data: no visible global
     function definition for 'mvrnorm'
    ss.aipe.reg.coef : Expected.R2: no visible global function definition
     for 'hyperg_2F1'
    ss.aipe.reg.coef.sensitivity: no visible global function definition for
     'mvrnorm'
    ss.aipe.reliability: no visible global function definition for
     'mvrnorm'
    ss.aipe.rmsea.sensitivity: no visible global function definition for
     'mvrnorm'
    ss.aipe.rmsea.sensitivity : sem.default: no visible global function
     definition for 'startvalues'
    ss.aipe.sem.path: no visible global function definition for 'sem'
    ss.aipe.sem.path.sensitiv: no visible global function definition for
     'mvrnorm'
    ss.aipe.sem.path.sensitiv: no visible global function definition for
     'sem'
    vit.fitted: no visible global function definition for 'augPred'
Flavor: r-oldrel-windows-ix86+x86_64