Last updated on 2024-05-21 07:53:09 CEST.
Flavor | Version | Tinstall | Tcheck | Ttotal | Status | Flags |
---|---|---|---|---|---|---|
r-devel-linux-x86_64-debian-clang | 0.10.2 | 4.07 | 48.83 | 52.90 | OK | |
r-devel-linux-x86_64-debian-gcc | 0.10.2 | 3.33 | 37.50 | 40.83 | OK | |
r-devel-linux-x86_64-fedora-clang | 0.10.2 | 67.85 | NOTE | |||
r-devel-linux-x86_64-fedora-gcc | 0.10.2 | 75.45 | NOTE | |||
r-devel-windows-x86_64 | 0.10.2 | 6.00 | 63.00 | 69.00 | NOTE | |
r-patched-linux-x86_64 | 0.10.2 | 3.26 | 47.17 | 50.43 | OK | |
r-release-linux-x86_64 | 0.10.2 | 4.31 | 47.43 | 51.74 | OK | |
r-release-macos-arm64 | 0.10.2 | 31.00 | NOTE | |||
r-release-windows-x86_64 | 0.10.2 | 6.00 | 62.00 | 68.00 | NOTE | |
r-oldrel-macos-arm64 | 0.10.2 | 49.00 | NOTE | |||
r-oldrel-macos-x86_64 | 0.10.2 | 64.00 | NOTE | |||
r-oldrel-windows-x86_64 | 0.10.2 | 6.00 | 67.00 | 73.00 | NOTE |
Version: 0.10.2
Check: installed package size
Result: NOTE
installed size is 6.2Mb
sub-directories of 1Mb or more:
htmlwidgets 5.7Mb
Flavors: r-devel-linux-x86_64-fedora-clang, r-devel-windows-x86_64, r-release-macos-arm64, r-release-windows-x86_64, r-oldrel-macos-arm64, r-oldrel-macos-x86_64, r-oldrel-windows-x86_64
Version: 0.10.2
Check: dependencies in R code
Result: NOTE
Namespace in Imports field not imported from: ‘ids’
All declared Imports should be used.
Flavors: r-devel-linux-x86_64-fedora-clang, r-devel-linux-x86_64-fedora-gcc