Last updated on 2024-05-23 07:55:11 CEST.
Flavor | Version | Tinstall | Tcheck | Ttotal | Status | Flags |
---|---|---|---|---|---|---|
r-devel-linux-x86_64-debian-clang | 1.1.9 | 18.03 | 112.24 | 130.27 | NOTE | |
r-devel-linux-x86_64-debian-gcc | 1.1.9 | 12.33 | 81.89 | 94.22 | NOTE | |
r-devel-linux-x86_64-fedora-clang | 1.1.9 | 158.61 | NOTE | |||
r-devel-linux-x86_64-fedora-gcc | 1.1.9 | 148.18 | NOTE | |||
r-devel-windows-x86_64 | 1.1.9 | 14.00 | 88.00 | 102.00 | NOTE | |
r-patched-linux-x86_64 | 1.1.9 | 10.30 | 108.37 | 118.67 | NOTE | |
r-release-linux-x86_64 | 1.1.9 | 11.86 | 105.58 | 117.44 | NOTE | |
r-release-macos-arm64 | 1.1.9 | 46.00 | NOTE | |||
r-release-windows-x86_64 | 1.1.9 | 15.00 | 91.00 | 106.00 | NOTE | |
r-oldrel-macos-arm64 | 1.1.9 | 49.00 | NOTE | |||
r-oldrel-macos-x86_64 | 1.1.9 | 75.00 | NOTE | |||
r-oldrel-windows-x86_64 | 1.1.9 | 18.00 | 103.00 | 121.00 | NOTE |
Version: 1.1.9
Check: LazyData
Result: NOTE
'LazyData' is specified without a 'data' directory
Flavors: r-devel-linux-x86_64-debian-clang, r-devel-linux-x86_64-debian-gcc, r-devel-linux-x86_64-fedora-clang, r-devel-linux-x86_64-fedora-gcc, r-devel-windows-x86_64, r-patched-linux-x86_64, r-release-linux-x86_64, r-release-macos-arm64, r-release-windows-x86_64, r-oldrel-macos-arm64, r-oldrel-macos-x86_64, r-oldrel-windows-x86_64