Last updated on 2024-05-11 07:51:32 CEST.
Flavor | Version | Tinstall | Tcheck | Ttotal | Status | Flags |
---|---|---|---|---|---|---|
r-devel-linux-x86_64-debian-clang | 0.5.0 | 76.50 | 81.85 | 158.35 | NOTE | |
r-devel-linux-x86_64-debian-gcc | 0.5.0 | 59.13 | 56.58 | 115.71 | NOTE | |
r-devel-linux-x86_64-fedora-clang | 0.5.0 | 226.11 | NOTE | |||
r-devel-linux-x86_64-fedora-gcc | 0.5.0 | 221.08 | NOTE | |||
r-devel-windows-x86_64 | 0.5.0 | 58.00 | 115.00 | 173.00 | NOTE | |
r-patched-linux-x86_64 | 0.5.0 | 69.75 | 74.41 | 144.16 | NOTE | |
r-release-linux-x86_64 | 0.5.0 | 74.22 | 74.41 | 148.63 | NOTE | |
r-release-macos-arm64 | 0.5.0 | 48.00 | NOTE | |||
r-release-macos-x86_64 | 0.5.0 | 129.00 | NOTE | |||
r-release-windows-x86_64 | 0.5.0 | 57.00 | 114.00 | 171.00 | NOTE | |
r-oldrel-macos-arm64 | 0.5.0 | 69.00 | NOTE | |||
r-oldrel-macos-x86_64 | 0.5.0 | 144.00 | NOTE | |||
r-oldrel-windows-x86_64 | 0.5.0 | 76.00 | 123.00 | 199.00 | OK |
Version: 0.5.0
Check: HTML version of manual
Result: NOTE
Found the following HTML validation problems:
exponential_anisotropic3D_alt.html:70:1 (exponential_anisotropic3D_alt.Rd:34): Warning: trimming empty <h3>
Flavors: r-devel-linux-x86_64-debian-clang, r-devel-linux-x86_64-debian-gcc, r-devel-linux-x86_64-fedora-clang, r-devel-linux-x86_64-fedora-gcc, r-devel-windows-x86_64, r-patched-linux-x86_64, r-release-linux-x86_64, r-release-windows-x86_64
Version: 0.5.0
Check: installed package size
Result: NOTE
installed size is 7.9Mb
sub-directories of 1Mb or more:
data 1.4Mb
libs 6.1Mb
Flavors: r-release-macos-arm64, r-release-macos-x86_64, r-oldrel-macos-arm64, r-oldrel-macos-x86_64