Last updated on 2024-05-07 07:58:00 CEST.
Flavor | Version | Tinstall | Tcheck | Ttotal | Status | Flags |
---|---|---|---|---|---|---|
r-devel-linux-x86_64-debian-clang | 1.2-3 | 82.75 | 86.47 | 169.22 | OK | |
r-devel-linux-x86_64-debian-gcc | 1.2-3 | 78.22 | 69.55 | 147.77 | OK | |
r-devel-linux-x86_64-fedora-clang | 1.2-3 | 242.42 | NOTE | |||
r-devel-linux-x86_64-fedora-gcc | 1.2-3 | 240.74 | OK | |||
r-devel-windows-x86_64 | 1.2-3 | 78.00 | 86.00 | 164.00 | NOTE | |
r-patched-linux-x86_64 | 1.2-3 | 89.54 | 86.17 | 175.71 | OK | |
r-release-linux-x86_64 | 1.2-3 | 87.15 | 86.61 | 173.76 | OK | |
r-release-macos-arm64 | 1.2-3 | 91.00 | NOTE | |||
r-release-windows-x86_64 | 1.2-3 | 77.00 | 82.00 | 159.00 | NOTE | |
r-oldrel-macos-arm64 | 1.2-3 | 99.00 | NOTE | |||
r-oldrel-macos-x86_64 | 1.2-3 | 256.00 | NOTE | |||
r-oldrel-windows-x86_64 | 1.2-3 | 104.00 | 93.00 | 197.00 | NOTE |
Version: 1.2-3
Check: installed package size
Result: NOTE
installed size is 5.8Mb
sub-directories of 1Mb or more:
R 5.7Mb
Flavors: r-devel-linux-x86_64-fedora-clang, r-devel-windows-x86_64, r-release-macos-arm64, r-release-windows-x86_64, r-oldrel-macos-arm64, r-oldrel-macos-x86_64, r-oldrel-windows-x86_64