Last updated on 2024-05-07 07:57:59 CEST.
Flavor | Version | Tinstall | Tcheck | Ttotal | Status | Flags |
---|---|---|---|---|---|---|
r-devel-linux-x86_64-debian-clang | 2.4.0 | 51.97 | 754.38 | 806.35 | OK | |
r-devel-linux-x86_64-debian-gcc | 2.4.0 | 39.55 | 527.06 | 566.61 | OK | |
r-devel-linux-x86_64-fedora-clang | 2.4.0 | 950.65 | OK | |||
r-devel-linux-x86_64-fedora-gcc | 2.4.0 | 948.53 | OK | |||
r-devel-windows-x86_64 | 2.4.0 | 43.00 | 558.00 | 601.00 | OK | |
r-patched-linux-x86_64 | 2.4.0 | 41.66 | 676.73 | 718.39 | OK | |
r-release-linux-x86_64 | 2.4.0 | 35.80 | 683.89 | 719.69 | OK | |
r-release-macos-arm64 | 2.4.0 | 235.00 | OK | |||
r-release-windows-x86_64 | 2.4.0 | 41.00 | 543.00 | 584.00 | OK | |
r-oldrel-macos-arm64 | 2.4.0 | 209.00 | OK | |||
r-oldrel-macos-x86_64 | 2.4.0 | 462.00 | OK | |||
r-oldrel-windows-x86_64 | 2.4.0 | 54.00 | 740.00 | 794.00 | NOTE |
Version: 2.4.0
Check: installed package size
Result: NOTE
installed size is 5.0Mb
sub-directories of 1Mb or more:
doc 2.8Mb
libs 1.0Mb
Flavor: r-oldrel-windows-x86_64