Last updated on 2024-05-23 07:55:07 CEST.
Flavor | Version | Tinstall | Tcheck | Ttotal | Status | Flags |
---|---|---|---|---|---|---|
r-devel-linux-x86_64-debian-clang | 0.2.5 | 18.63 | 146.74 | 165.37 | OK | |
r-devel-linux-x86_64-debian-gcc | 0.2.5 | 13.63 | 106.60 | 120.23 | OK | |
r-devel-linux-x86_64-fedora-clang | 0.2.5 | 211.74 | OK | |||
r-devel-linux-x86_64-fedora-gcc | 0.2.5 | 190.78 | OK | |||
r-devel-windows-x86_64 | 0.2.5 | 16.00 | 111.00 | 127.00 | OK | |
r-patched-linux-x86_64 | 0.2.5 | 16.19 | 138.49 | 154.68 | OK | |
r-release-linux-x86_64 | 0.2.5 | 15.23 | 139.89 | 155.12 | OK | |
r-release-macos-arm64 | 0.2.5 | 5.00 | ERROR | |||
r-release-macos-x86_64 | 0.2.5 | 7.00 | ERROR | |||
r-release-windows-x86_64 | 0.2.5 | 16.00 | 112.00 | 128.00 | OK | |
r-oldrel-macos-arm64 | 0.2.5 | 10.00 | ERROR | |||
r-oldrel-macos-x86_64 | 0.2.5 | 478.00 | ERROR | |||
r-oldrel-windows-x86_64 | 0.2.5 | 22.00 | 136.00 | 158.00 | OK |
Version: 0.2.5
Check: package dependencies
Result: ERROR
Package required but not available: ‘opGMMassessment’
See section ‘The DESCRIPTION file’ in the ‘Writing R Extensions’
manual.
Flavors: r-release-macos-arm64, r-release-macos-x86_64, r-oldrel-macos-arm64, r-oldrel-macos-x86_64