Last updated on 2024-05-04 07:52:44 CEST.
Flavor | Version | Tinstall | Tcheck | Ttotal | Status | Flags |
---|---|---|---|---|---|---|
r-devel-linux-x86_64-debian-clang | 0.2.6.2 | 10.37 | 125.42 | 135.79 | NOTE | |
r-devel-linux-x86_64-debian-gcc | 0.2.6.2 | 9.71 | 91.32 | 101.03 | NOTE | |
r-devel-linux-x86_64-fedora-clang | 0.2.6.2 | 183.59 | NOTE | |||
r-devel-linux-x86_64-fedora-gcc | 0.2.6.2 | 156.57 | NOTE | |||
r-devel-windows-x86_64 | 0.2.6.2 | 10.00 | 104.00 | 114.00 | NOTE | |
r-patched-linux-x86_64 | 0.2.6.2 | 9.21 | 116.70 | 125.91 | NOTE | |
r-release-linux-x86_64 | 0.2.6.2 | 10.29 | 114.83 | 125.12 | NOTE | |
r-release-macos-arm64 | 0.2.6.2 | 49.00 | NOTE | |||
r-release-windows-x86_64 | 0.2.6.2 | 10.00 | 118.00 | 128.00 | NOTE | |
r-oldrel-macos-arm64 | 0.2.6.2 | 51.00 | NOTE | |||
r-oldrel-macos-x86_64 | 0.2.6.2 | 66.00 | NOTE | |||
r-oldrel-windows-x86_64 | 0.2.6.2 | 12.00 | 129.00 | 141.00 | NOTE |
Version: 0.2.6.2
Check: package dependencies
Result: NOTE
Package suggested but not available for checking: ‘CAM’
Flavors: r-devel-linux-x86_64-debian-clang, r-devel-linux-x86_64-debian-gcc, r-devel-linux-x86_64-fedora-clang, r-devel-linux-x86_64-fedora-gcc, r-devel-windows-x86_64, r-patched-linux-x86_64, r-release-linux-x86_64, r-release-macos-arm64, r-release-windows-x86_64, r-oldrel-macos-arm64, r-oldrel-windows-x86_64
Version: 0.2.6.2
Check: package dependencies
Result: NOTE
Packages suggested but not available for checking:
'pcalg', 'InvariantCausalPrediction', 'backShift', 'CAM', 'mboost',
'huge', 'flare'
Flavor: r-oldrel-macos-x86_64