Last updated on 2024-05-13 07:49:56 CEST.
Flavor | Version | Tinstall | Tcheck | Ttotal | Status | Flags |
---|---|---|---|---|---|---|
r-devel-linux-x86_64-debian-clang | 0.3 | 109.79 | 139.32 | 249.11 | NOTE | |
r-devel-linux-x86_64-debian-gcc | 0.3 | 75.76 | 105.00 | 180.76 | NOTE | |
r-devel-linux-x86_64-fedora-clang | 0.3 | 340.26 | NOTE | |||
r-devel-linux-x86_64-fedora-gcc | 0.3 | 355.34 | NOTE | |||
r-devel-windows-x86_64 | 0.3 | 83.00 | 142.00 | 225.00 | NOTE | |
r-patched-linux-x86_64 | 0.3 | 71.21 | 132.53 | 203.74 | NOTE | |
r-release-linux-x86_64 | 0.3 | 73.32 | 134.45 | 207.77 | NOTE | |
r-release-macos-arm64 | 0.3 | 85.00 | NOTE | |||
r-release-windows-x86_64 | 0.3 | 82.00 | 142.00 | 224.00 | NOTE | |
r-oldrel-macos-arm64 | 0.3 | 98.00 | NOTE | |||
r-oldrel-macos-x86_64 | 0.3 | 173.00 | NOTE | |||
r-oldrel-windows-x86_64 | 0.3 | 104.00 | 170.00 | 274.00 | NOTE |
Version: 0.3
Check: for GNU extensions in Makefiles
Result: NOTE
GNU make is a SystemRequirements.
Flavors: r-devel-linux-x86_64-debian-clang, r-devel-linux-x86_64-debian-gcc, r-devel-linux-x86_64-fedora-clang, r-devel-linux-x86_64-fedora-gcc, r-devel-windows-x86_64, r-patched-linux-x86_64, r-release-linux-x86_64, r-release-macos-arm64, r-release-windows-x86_64, r-oldrel-macos-arm64, r-oldrel-macos-x86_64, r-oldrel-windows-x86_64