Last updated on 2024-05-26 08:04:59 CEST.
Flavor | Version | Tinstall | Tcheck | Ttotal | Status | Flags |
---|---|---|---|---|---|---|
r-devel-linux-x86_64-debian-clang | 0.5 | 42.46 | 48.88 | 91.34 | NOTE | |
r-devel-linux-x86_64-debian-gcc | 0.5 | 28.34 | 35.95 | 64.29 | NOTE | |
r-devel-linux-x86_64-fedora-clang | 0.5 | 124.66 | NOTE | |||
r-devel-linux-x86_64-fedora-gcc | 0.5 | 166.18 | NOTE | |||
r-devel-windows-x86_64 | 0.5 | 34.00 | 72.00 | 106.00 | NOTE | |
r-patched-linux-x86_64 | 0.5 | 38.09 | 45.33 | 83.42 | NOTE | |
r-release-linux-x86_64 | 0.5 | 43.92 | 44.57 | 88.49 | NOTE | |
r-release-macos-arm64 | 0.5 | 52.00 | NOTE | |||
r-release-windows-x86_64 | 0.5 | 34.00 | 74.00 | 108.00 | NOTE | |
r-oldrel-macos-arm64 | 0.5 | 58.00 | NOTE | |||
r-oldrel-macos-x86_64 | 0.5 | 83.00 | NOTE | |||
r-oldrel-windows-x86_64 | 0.5 | 41.00 | 85.00 | 126.00 | NOTE |
Version: 0.5
Check: LazyData
Result: NOTE
'LazyData' is specified without a 'data' directory
Flavors: r-devel-linux-x86_64-debian-clang, r-devel-linux-x86_64-debian-gcc, r-devel-linux-x86_64-fedora-clang, r-devel-linux-x86_64-fedora-gcc, r-devel-windows-x86_64, r-patched-linux-x86_64, r-release-linux-x86_64, r-release-macos-arm64, r-release-windows-x86_64, r-oldrel-macos-arm64, r-oldrel-macos-x86_64, r-oldrel-windows-x86_64