Last updated on 2024-04-23 07:50:54 CEST.
Flavor | Version | Tinstall | Tcheck | Ttotal | Status | Flags |
---|---|---|---|---|---|---|
r-devel-linux-x86_64-debian-clang | 1.8.1 | 47.38 | 91.62 | 139.00 | NOTE | |
r-devel-linux-x86_64-debian-gcc | 1.8.1 | 36.17 | 65.18 | 101.35 | NOTE | |
r-devel-linux-x86_64-fedora-clang | 1.8.1 | 170.81 | NOTE | |||
r-devel-linux-x86_64-fedora-gcc | 1.8.1 | 194.44 | NOTE | |||
r-prerel-macos-arm64 | 1.8.1 | 52.00 | NOTE | |||
r-prerel-windows-x86_64 | 1.8.1 | 41.00 | 125.00 | 166.00 | NOTE | |
r-patched-linux-x86_64 | 1.8.1 | 44.68 | 84.66 | 129.34 | NOTE | |
r-release-linux-x86_64 | 1.8.1 | 36.78 | 83.46 | 120.24 | NOTE | |
r-release-macos-arm64 | 1.8.1 | 57.00 | NOTE | |||
r-release-macos-x86_64 | 1.8.1 | 96.00 | NOTE | |||
r-release-windows-x86_64 | 1.8.1 | 50.00 | 114.00 | 164.00 | NOTE | |
r-oldrel-macos-arm64 | 1.8.1 | 48.00 | NOTE | |||
r-oldrel-windows-x86_64 | 1.8.1 | 44.00 | 117.00 | 161.00 | OK |
Version: 1.8.1
Check: C++ specification
Result: NOTE
Specified C++11: please drop specification unless essential
Flavors: r-devel-linux-x86_64-debian-clang, r-devel-linux-x86_64-debian-gcc, r-devel-linux-x86_64-fedora-clang, r-devel-linux-x86_64-fedora-gcc, r-prerel-macos-arm64, r-prerel-windows-x86_64, r-patched-linux-x86_64, r-release-linux-x86_64, r-release-macos-arm64, r-release-macos-x86_64, r-release-windows-x86_64
Version: 1.8.1
Check: Rd metadata
Result: NOTE
Invalid package aliases in Rd file 'amelia.package.Rd':
‘amelia-package’
Flavors: r-devel-linux-x86_64-debian-clang, r-devel-linux-x86_64-debian-gcc, r-devel-linux-x86_64-fedora-clang, r-devel-linux-x86_64-fedora-gcc, r-prerel-macos-arm64, r-prerel-windows-x86_64, r-patched-linux-x86_64
Version: 1.8.1
Check: installed package size
Result: NOTE
installed size is 5.6Mb
sub-directories of 1Mb or more:
doc 1.4Mb
libs 3.6Mb
Flavors: r-prerel-macos-arm64, r-release-macos-arm64, r-release-macos-x86_64, r-oldrel-macos-arm64